Last updated on 2024-08-16 15:49:36 CEST.
Flavor | Version | Tinstall | Tcheck | Ttotal | Status | Flags |
---|---|---|---|---|---|---|
r-devel-linux-x86_64-debian-clang | 1.0.0 | 14.04 | 393.94 | 407.98 | OK | |
r-devel-linux-x86_64-debian-gcc | 1.0.0 | 8.55 | 276.56 | 285.11 | OK | |
r-devel-linux-x86_64-fedora-clang | 1.0.0 | 635.69 | OK | |||
r-devel-linux-x86_64-fedora-gcc | 1.0.0 | 615.46 | OK | |||
r-devel-windows-x86_64 | 1.0.0 | 15.00 | 376.00 | 391.00 | OK | |
r-patched-linux-x86_64 | 1.0.0 | 15.02 | 378.94 | 393.96 | OK | |
r-release-linux-x86_64 | 1.0.0 | 12.03 | 383.48 | 395.51 | OK | |
r-release-macos-arm64 | 1.0.0 | 207.00 | OK | |||
r-release-macos-x86_64 | 1.0.0 | 638.00 | OK | |||
r-release-windows-x86_64 | 1.0.0 | 16.00 | 378.00 | 394.00 | OK | |
r-oldrel-macos-arm64 | 1.0.0 | 11.00 | ERROR | |||
r-oldrel-macos-x86_64 | 1.0.0 | 11.00 | ERROR | |||
r-oldrel-windows-x86_64 | 1.0.0 | 18.00 | 528.00 | 546.00 | OK |
Version: 1.0.0
Check: package dependencies
Result: ERROR
Packages required and available but unsuitable versions:
'mlr3', 'paradox', 'bbotk'
See section ‘The DESCRIPTION file’ in the ‘Writing R Extensions’
manual.
Flavors: r-oldrel-macos-arm64, r-oldrel-macos-x86_64