Last updated on 2024-08-16 03:49:29 CEST.
Flavor | Version | Tinstall | Tcheck | Ttotal | Status | Flags |
---|---|---|---|---|---|---|
r-devel-linux-x86_64-debian-clang | 0.1.2 | 48.68 | 324.23 | 372.91 | OK | |
r-devel-linux-x86_64-debian-gcc | 0.1.2 | 33.80 | 179.46 | 213.26 | OK | |
r-devel-linux-x86_64-fedora-clang | 0.1.2 | 626.22 | OK | |||
r-devel-linux-x86_64-fedora-gcc | 0.1.2 | 599.22 | OK | |||
r-devel-windows-x86_64 | 0.1.2 | 49.00 | 290.00 | 339.00 | OK | |
r-patched-linux-x86_64 | 0.1.2 | 46.75 | 293.35 | 340.10 | OK | |
r-release-linux-x86_64 | 0.1.2 | 44.19 | 300.84 | 345.03 | OK | |
r-release-macos-arm64 | 0.1.2 | 189.00 | NOTE | |||
r-release-macos-x86_64 | 0.1.2 | 570.00 | NOTE | |||
r-release-windows-x86_64 | 0.1.2 | 48.00 | 296.00 | 344.00 | OK | |
r-oldrel-macos-arm64 | 0.1.2 | 293.00 | NOTE | |||
r-oldrel-macos-x86_64 | 0.1.2 | 670.00 | NOTE | |||
r-oldrel-windows-x86_64 | 0.1.2 | 58.00 | 419.00 | 477.00 | OK |
Version: 0.1.2
Check: installed package size
Result: NOTE
installed size is 6.0Mb
sub-directories of 1Mb or more:
libs 5.7Mb
Flavors: r-release-macos-arm64, r-release-macos-x86_64, r-oldrel-macos-arm64, r-oldrel-macos-x86_64