Last updated on 2024-08-16 03:49:29 CEST.
Flavor | Version | Tinstall | Tcheck | Ttotal | Status | Flags |
---|---|---|---|---|---|---|
r-devel-linux-x86_64-debian-clang | 0.1.1 | 3.16 | 30.81 | 33.97 | OK | |
r-devel-linux-x86_64-debian-gcc | 0.1.1 | 2.62 | 26.43 | 29.05 | OK | |
r-devel-linux-x86_64-fedora-clang | 0.1.1 | 61.69 | OK | |||
r-devel-linux-x86_64-fedora-gcc | 0.1.1 | 59.24 | OK | |||
r-devel-windows-x86_64 | 0.1.1 | 3.00 | 44.00 | 47.00 | OK | |
r-patched-linux-x86_64 | 0.1.1 | 2.52 | 29.36 | 31.88 | OK | |
r-release-linux-x86_64 | 0.1.1 | 2.99 | 30.93 | 33.92 | OK | |
r-release-macos-arm64 | 0.1.1 | 5.00 | ERROR | |||
r-release-macos-x86_64 | 0.1.1 | 7.00 | ERROR | |||
r-release-windows-x86_64 | 0.1.1 | 4.00 | 45.00 | 49.00 | OK | |
r-oldrel-macos-arm64 | 0.1.1 | 12.00 | ERROR | |||
r-oldrel-macos-x86_64 | 0.1.1 | 12.00 | ERROR | |||
r-oldrel-windows-x86_64 | 0.1.1 | 5.00 | 52.00 | 57.00 | OK |
Version: 0.1.1
Check: package dependencies
Result: ERROR
Package required but not available: ‘doMPI’
See section ‘The DESCRIPTION file’ in the ‘Writing R Extensions’
manual.
Flavors: r-release-macos-arm64, r-release-macos-x86_64, r-oldrel-macos-arm64, r-oldrel-macos-x86_64