Last updated on 2024-08-16 15:49:37 CEST.
Flavor | Version | Tinstall | Tcheck | Ttotal | Status | Flags |
---|---|---|---|---|---|---|
r-devel-linux-x86_64-debian-clang | 0.1.1 | 33.32 | 190.59 | 223.91 | OK | |
r-devel-linux-x86_64-debian-gcc | 0.1.1 | 25.80 | 136.81 | 162.61 | OK | |
r-devel-linux-x86_64-fedora-clang | 0.1.1 | 367.11 | NOTE | |||
r-devel-linux-x86_64-fedora-gcc | 0.1.1 | 339.11 | OK | |||
r-devel-windows-x86_64 | 0.1.1 | 26.00 | 170.00 | 196.00 | OK | |
r-patched-linux-x86_64 | 0.1.1 | 30.13 | 181.12 | 211.25 | OK | |
r-release-linux-x86_64 | 0.1.1 | 32.25 | 181.44 | 213.69 | OK | |
r-release-macos-arm64 | 0.1.1 | 84.00 | OK | |||
r-release-macos-x86_64 | 0.1.1 | 208.00 | OK | |||
r-release-windows-x86_64 | 0.1.1 | 27.00 | 165.00 | 192.00 | OK | |
r-oldrel-macos-arm64 | 0.1.1 | 117.00 | OK | |||
r-oldrel-macos-x86_64 | 0.1.1 | 157.00 | OK | |||
r-oldrel-windows-x86_64 | 0.1.1 | 37.00 | 220.00 | 257.00 | OK |
Version: 0.1.1
Check: Rd cross-references
Result: NOTE
Undeclared package ‘future’ in Rd xrefs
Flavor: r-devel-linux-x86_64-fedora-clang