Last updated on 2024-08-16 15:49:37 CEST.
Flavor | Version | Tinstall | Tcheck | Ttotal | Status | Flags |
---|---|---|---|---|---|---|
r-devel-linux-x86_64-debian-clang | 0.6.2 | 4.91 | 45.87 | 50.78 | NOTE | |
r-devel-linux-x86_64-debian-gcc | 0.6.2 | 3.83 | 34.36 | 38.19 | NOTE | |
r-devel-linux-x86_64-fedora-clang | 0.6.2 | 84.55 | NOTE | |||
r-devel-linux-x86_64-fedora-gcc | 0.6.2 | 78.55 | NOTE | |||
r-devel-windows-x86_64 | 0.6.2 | 7.00 | 69.00 | 76.00 | NOTE | |
r-patched-linux-x86_64 | 0.6.2 | 5.55 | 44.04 | 49.59 | NOTE | |
r-release-linux-x86_64 | 0.6.2 | 5.02 | 44.58 | 49.60 | NOTE | |
r-release-macos-arm64 | 0.6.2 | 25.00 | NOTE | |||
r-release-macos-x86_64 | 0.6.2 | 45.00 | NOTE | |||
r-release-windows-x86_64 | 0.6.2 | 7.00 | 68.00 | 75.00 | NOTE | |
r-oldrel-macos-arm64 | 0.6.2 | 28.00 | NOTE | |||
r-oldrel-macos-x86_64 | 0.6.2 | 40.00 | NOTE | |||
r-oldrel-windows-x86_64 | 0.6.2 | 8.00 | 76.00 | 84.00 | NOTE |
Version: 0.6.2
Check: LazyData
Result: NOTE
'LazyData' is specified without a 'data' directory
Flavors: r-devel-linux-x86_64-debian-clang, r-devel-linux-x86_64-debian-gcc, r-devel-linux-x86_64-fedora-clang, r-devel-linux-x86_64-fedora-gcc, r-devel-windows-x86_64, r-patched-linux-x86_64, r-release-linux-x86_64, r-release-macos-arm64, r-release-macos-x86_64, r-release-windows-x86_64, r-oldrel-macos-arm64, r-oldrel-macos-x86_64, r-oldrel-windows-x86_64