Last updated on 2024-07-12 02:51:16 CEST.
Flavor | Version | Tinstall | Tcheck | Ttotal | Status | Flags |
---|---|---|---|---|---|---|
r-devel-linux-x86_64-debian-clang | 0.5.1 | 5.46 | 39.03 | 44.49 | WARN | |
r-devel-linux-x86_64-debian-gcc | 0.5.1 | 4.25 | 29.72 | 33.97 | WARN | |
r-devel-linux-x86_64-fedora-clang | 0.5.1 | 57.46 | WARN | |||
r-devel-linux-x86_64-fedora-gcc | 0.5.1 | 50.46 | WARN | |||
r-devel-windows-x86_64 | 0.5.1 | 9.00 | 63.00 | 72.00 | WARN | |
r-patched-linux-x86_64 | 0.5.1 | 5.75 | 37.85 | 43.60 | OK | |
r-release-linux-x86_64 | 0.5.1 | 4.36 | 36.83 | 41.19 | OK | |
r-release-macos-arm64 | 0.5.1 | 23.00 | OK | |||
r-release-macos-x86_64 | 0.5.1 | 32.00 | OK | |||
r-release-windows-x86_64 | 0.5.1 | 10.00 | 64.00 | 74.00 | OK | |
r-oldrel-macos-arm64 | 0.5.1 | 41.00 | OK | |||
r-oldrel-macos-x86_64 | 0.5.1 | 81.00 | OK | |||
r-oldrel-windows-x86_64 | 0.5.1 | 8.00 | 67.00 | 75.00 | OK |
Version: 0.5.1
Check: compiled code
Result: WARN
File ‘nseval/libs/nseval.so’:
Found non-API calls to R: ‘DDVAL’, ‘PRCODE’, ‘PRENV’, ‘PRVALUE’,
‘R_PromiseExpr’, ‘Rf_findVarInFrame3’, ‘SET_BODY’, ‘SET_CLOENV’,
‘SET_FORMALS’, ‘SET_PRCODE’, ‘SET_PRENV’, ‘SET_PRVALUE’,
‘SET_TYPEOF’
These entry points may be removed soon:
‘DDVAL’
Compiled code should not call non-API entry points in R.
See ‘Writing portable packages’ in the ‘Writing R Extensions’ manual,
and section ‘Moving into C API compliance’ for issues with the use of
non-API entry points.
Flavors: r-devel-linux-x86_64-debian-clang, r-devel-linux-x86_64-debian-gcc, r-devel-linux-x86_64-fedora-clang, r-devel-linux-x86_64-fedora-gcc
Version: 0.5.1
Check: compiled code
Result: WARN
File 'nseval/libs/x64/nseval.dll':
Found non-API calls to R: 'DDVAL', 'PRCODE', 'PRENV', 'PRVALUE',
'R_PromiseExpr', 'Rf_findVarInFrame3', 'SET_BODY', 'SET_CLOENV',
'SET_FORMALS', 'SET_PRCODE', 'SET_PRENV', 'SET_PRVALUE',
'SET_TYPEOF'
These entry points may be removed soon:
'DDVAL'
Compiled code should not call non-API entry points in R.
See 'Writing portable packages' in the 'Writing R Extensions' manual,
and section 'Moving into C API compliance' for issues with the use of
non-API entry points.
Flavor: r-devel-windows-x86_64