Last updated on 2024-08-09 03:48:38 CEST.
Flavor | Version | Tinstall | Tcheck | Ttotal | Status | Flags |
---|---|---|---|---|---|---|
r-devel-linux-x86_64-debian-clang | 1.5-0 | 3.43 | 46.40 | 49.83 | NOTE | |
r-devel-linux-x86_64-debian-gcc | 1.5-0 | 2.64 | 31.43 | 34.07 | NOTE | |
r-devel-linux-x86_64-fedora-clang | 1.5-0 | 84.57 | OK | |||
r-devel-linux-x86_64-fedora-gcc | 1.5-0 | 79.93 | OK | |||
r-devel-windows-x86_64 | 1.5-0 | 5.00 | 66.00 | 71.00 | NOTE | |
r-patched-linux-x86_64 | 1.5-0 | 5.10 | 44.25 | 49.35 | OK | |
r-release-linux-x86_64 | 1.5-0 | 3.79 | 44.33 | 48.12 | OK | |
r-release-macos-arm64 | 1.5-0 | 26.00 | OK | |||
r-release-macos-x86_64 | 1.5-0 | 37.00 | OK | |||
r-release-windows-x86_64 | 1.5-0 | 5.00 | 64.00 | 69.00 | OK | |
r-oldrel-macos-arm64 | 1.5-0 | 24.00 | OK | |||
r-oldrel-macos-x86_64 | 1.5-0 | 44.00 | OK | |||
r-oldrel-windows-x86_64 | 1.5-0 | 5.00 | 74.00 | 79.00 | OK |
Version: 1.5-0
Check: Rd cross-references
Result: NOTE
Found the following Rd file(s) with Rd \link{} targets missing package
anchors:
cnm.Rd: nnls
cnmms.Rd: nnls
cvps.Rd: nnls
mlogit.Rd: nnls
npnorm.Rd: nnls
nppois.Rd: nnls
plot.nspmix.Rd: nnls
plotgrad.Rd: nnls
Please provide package anchors for all Rd \link{} targets not in the
package itself and the base packages.
Flavors: r-devel-linux-x86_64-debian-clang, r-devel-linux-x86_64-debian-gcc, r-devel-windows-x86_64