Last updated on 2024-08-16 15:49:38 CEST.
Flavor | Version | Tinstall | Tcheck | Ttotal | Status | Flags |
---|---|---|---|---|---|---|
r-devel-linux-x86_64-debian-clang | 1.0.2 | 3.03 | 23.46 | 26.49 | NOTE | |
r-devel-linux-x86_64-debian-gcc | 1.0.2 | 2.37 | 18.83 | 21.20 | NOTE | |
r-devel-linux-x86_64-fedora-clang | 1.0.2 | 44.38 | NOTE | |||
r-devel-linux-x86_64-fedora-gcc | 1.0.2 | 41.69 | NOTE | |||
r-devel-windows-x86_64 | 1.0.2 | 8.00 | 46.00 | 54.00 | OK | |
r-patched-linux-x86_64 | 1.0.2 | 2.68 | 22.56 | 25.24 | NOTE | |
r-release-linux-x86_64 | 1.0.2 | 2.52 | 22.55 | 25.07 | NOTE | |
r-release-macos-arm64 | 1.0.2 | 20.00 | OK | |||
r-release-macos-x86_64 | 1.0.2 | 28.00 | OK | |||
r-release-windows-x86_64 | 1.0.2 | 9.00 | 46.00 | 55.00 | OK | |
r-oldrel-macos-arm64 | 1.0.2 | 19.00 | OK | |||
r-oldrel-macos-x86_64 | 1.0.2 | 39.00 | OK | |||
r-oldrel-windows-x86_64 | 1.0.2 | 8.00 | 50.00 | 58.00 | OK |
Version: 1.0.2
Check: package dependencies
Result: NOTE
Package suggested but not available for checking: ‘morse’
Flavors: r-devel-linux-x86_64-debian-clang, r-devel-linux-x86_64-debian-gcc, r-devel-linux-x86_64-fedora-clang, r-devel-linux-x86_64-fedora-gcc, r-patched-linux-x86_64, r-release-linux-x86_64