Last updated on 2024-08-16 15:49:38 CEST.
Flavor | Version | Tinstall | Tcheck | Ttotal | Status | Flags |
---|---|---|---|---|---|---|
r-devel-linux-x86_64-debian-clang | 0.2.2 | 4.67 | 74.53 | 79.20 | OK | |
r-devel-linux-x86_64-debian-gcc | 0.2.2 | 3.01 | 54.57 | 57.58 | OK | |
r-devel-linux-x86_64-fedora-clang | 0.2.2 | 121.68 | NOTE | |||
r-devel-linux-x86_64-fedora-gcc | 0.2.2 | 129.62 | NOTE | |||
r-devel-windows-x86_64 | 0.2.2 | 7.00 | 90.00 | 97.00 | OK | |
r-patched-linux-x86_64 | 0.2.2 | 5.09 | 70.13 | 75.22 | OK | |
r-release-linux-x86_64 | 0.2.2 | 4.41 | 72.10 | 76.51 | OK | |
r-release-macos-arm64 | 0.2.2 | 66.00 | OK | |||
r-release-macos-x86_64 | 0.2.2 | 86.00 | OK | |||
r-release-windows-x86_64 | 0.2.2 | 7.00 | 92.00 | 99.00 | OK | |
r-oldrel-macos-arm64 | 0.2.2 | 81.00 | OK | |||
r-oldrel-macos-x86_64 | 0.2.2 | 110.00 | OK | |||
r-oldrel-windows-x86_64 | 0.2.2 | 8.00 | 105.00 | 113.00 | OK |
Version: 0.2.2
Check: Rd cross-references
Result: NOTE
Undeclared package ‘sp’ in Rd xrefs
Flavor: r-devel-linux-x86_64-fedora-clang
Version: 0.2.2
Check: data for non-ASCII characters
Result: NOTE
Note: found 12 marked UTF-8 strings
Flavors: r-devel-linux-x86_64-fedora-clang, r-devel-linux-x86_64-fedora-gcc