Last updated on 2024-06-26 15:54:52 CEST.
Flavor | Version | Tinstall | Tcheck | Ttotal | Status | Flags |
---|---|---|---|---|---|---|
r-devel-linux-x86_64-debian-clang | 1.4 | NOTE | ||||
r-devel-linux-x86_64-debian-gcc | 1.4 | 209.57 | 28.99 | 238.56 | NOTE | |
r-devel-linux-x86_64-fedora-clang | 1.4 | 502.97 | NOTE | |||
r-devel-linux-x86_64-fedora-gcc | 1.4 | 645.30 | NOTE | |||
r-devel-windows-x86_64 | 1.4 | 219.00 | 81.00 | 300.00 | NOTE | |
r-patched-linux-x86_64 | 1.4 | 273.15 | 37.58 | 310.73 | OK | |
r-release-linux-x86_64 | 1.4 | 274.28 | 37.60 | 311.88 | OK | |
r-release-macos-arm64 | 1.4 | 94.00 | NOTE | |||
r-release-macos-x86_64 | 1.4 | 89.00 | NOTE | |||
r-release-windows-x86_64 | 1.4 | 224.00 | 85.00 | 309.00 | OK | |
r-oldrel-macos-arm64 | 1.4 | 110.00 | NOTE | |||
r-oldrel-macos-x86_64 | 1.4 | 150.00 | NOTE | |||
r-oldrel-windows-x86_64 | 1.4 | 230.00 | 98.00 | 328.00 | OK |
Version: 1.4
Check: compiled code
Result: NOTE
File ‘parallelpam/libs/parallelpam.so’:
Found non-API call to R: ‘SET_TYPEOF’
Compiled code should not call non-API entry points in R.
See ‘Writing portable packages’ in the ‘Writing R Extensions’ manual.
Flavors: r-devel-linux-x86_64-debian-clang, r-devel-linux-x86_64-debian-gcc, r-devel-linux-x86_64-fedora-clang, r-devel-linux-x86_64-fedora-gcc
Version: 1.4
Check: compiled code
Result: NOTE
File 'parallelpam/libs/x64/parallelpam.dll':
Found non-API call to R: 'SET_TYPEOF'
Compiled code should not call non-API entry points in R.
See 'Writing portable packages' in the 'Writing R Extensions' manual.
Flavor: r-devel-windows-x86_64
Version: 1.4
Check: installed package size
Result: NOTE
installed size is 16.6Mb
sub-directories of 1Mb or more:
libs 16.2Mb
Flavors: r-release-macos-arm64, r-release-macos-x86_64, r-oldrel-macos-arm64, r-oldrel-macos-x86_64