Last updated on 2024-07-12 02:51:17 CEST.
Flavor | Version | Tinstall | Tcheck | Ttotal | Status | Flags |
---|---|---|---|---|---|---|
r-devel-linux-x86_64-debian-clang | 1.5.4 | 1442.56 | 305.95 | 1748.51 | NOTE | |
r-devel-linux-x86_64-debian-gcc | 1.5.4 | 1236.99 | 343.64 | 1580.63 | NOTE | |
r-devel-linux-x86_64-fedora-clang | 1.5.4 | 2103.29 | NOTE | |||
r-devel-linux-x86_64-fedora-gcc | 1.5.4 | 3216.16 | NOTE | |||
r-devel-windows-x86_64 | 1.5.4 | 1052.00 | 366.00 | 1418.00 | NOTE | |
r-patched-linux-x86_64 | 1.5.4 | 1003.69 | 454.57 | 1458.26 | NOTE | |
r-release-linux-x86_64 | 1.5.4 | 0.01 | 3.09 | 3.10 | ERROR | |
r-release-macos-arm64 | 1.5.4 | 489.00 | NOTE | |||
r-release-macos-x86_64 | 1.5.4 | 580.00 | NOTE | |||
r-release-windows-x86_64 | 1.5.4 | 1062.00 | 355.00 | 1417.00 | NOTE | |
r-oldrel-macos-arm64 | 1.5.4 | 854.00 | NOTE | |||
r-oldrel-macos-x86_64 | 1.5.4 | 1104.00 | NOTE | |||
r-oldrel-windows-x86_64 | 1.5.4 | 1420.00 | 442.00 | 1862.00 | NOTE |
Version: 1.5.4
Check: for GNU extensions in Makefiles
Result: NOTE
GNU make is a SystemRequirements.
Flavors: r-devel-linux-x86_64-debian-clang, r-devel-linux-x86_64-debian-gcc, r-devel-linux-x86_64-fedora-clang, r-devel-linux-x86_64-fedora-gcc, r-devel-windows-x86_64, r-patched-linux-x86_64, r-release-macos-arm64, r-release-macos-x86_64, r-release-windows-x86_64, r-oldrel-macos-arm64, r-oldrel-macos-x86_64, r-oldrel-windows-x86_64
Version: 1.5.4
Check: installed package size
Result: NOTE
installed size is 15.3Mb
sub-directories of 1Mb or more:
doc 2.9Mb
libs 11.6Mb
Flavors: r-devel-linux-x86_64-fedora-clang, r-devel-windows-x86_64, r-release-macos-arm64, r-release-macos-x86_64, r-release-windows-x86_64, r-oldrel-macos-arm64, r-oldrel-macos-x86_64, r-oldrel-windows-x86_64
Version: 1.5.4
Check: dependencies in R code
Result: NOTE
Namespace in Imports field not imported from: ‘rstantools’
All declared Imports should be used.
Flavors: r-devel-linux-x86_64-fedora-clang, r-devel-linux-x86_64-fedora-gcc
Version: 1.5.4
Check: whether package can be installed
Result: ERROR
Installation failed.
Flavor: r-release-linux-x86_64