Last updated on 2024-08-16 15:49:38 CEST.
Flavor | Version | Tinstall | Tcheck | Ttotal | Status | Flags |
---|---|---|---|---|---|---|
r-devel-linux-x86_64-debian-clang | 3.4.0 | 14.50 | 29.15 | 43.65 | OK | |
r-devel-linux-x86_64-debian-gcc | 3.4.0 | 11.05 | 23.32 | 34.37 | OK | |
r-devel-linux-x86_64-fedora-clang | 3.4.0 | 80.26 | NOTE | |||
r-devel-linux-x86_64-fedora-gcc | 3.4.0 | 79.80 | OK | |||
r-devel-windows-x86_64 | 3.4.0 | 35.00 | 105.00 | 140.00 | NOTE | |
r-patched-linux-x86_64 | 3.4.0 | 15.60 | 28.03 | 43.63 | OK | |
r-release-linux-x86_64 | 3.4.0 | 15.38 | 28.36 | 43.74 | OK | |
r-release-macos-arm64 | 3.4.0 | 33.00 | NOTE | |||
r-release-macos-x86_64 | 3.4.0 | 46.00 | NOTE | |||
r-release-windows-x86_64 | 3.4.0 | 36.00 | 111.00 | 147.00 | NOTE | |
r-oldrel-macos-arm64 | 3.4.0 | 126.00 | NOTE | |||
r-oldrel-macos-x86_64 | 3.4.0 | 130.00 | NOTE | |||
r-oldrel-windows-x86_64 | 3.4.0 | 38.00 | 128.00 | 166.00 | NOTE |
Version: 3.4.0
Check: package dependencies
Result: NOTE
Package suggested but not available for checking: ‘tesseract’
Flavor: r-devel-linux-x86_64-fedora-clang
Version: 3.4.0
Check: installed package size
Result: NOTE
installed size is 20.3Mb
sub-directories of 1Mb or more:
libs 7.4Mb
share 12.8Mb
Flavors: r-devel-windows-x86_64, r-release-macos-arm64, r-release-macos-x86_64, r-release-windows-x86_64, r-oldrel-macos-arm64, r-oldrel-macos-x86_64, r-oldrel-windows-x86_64