Last updated on 2024-06-15 15:49:13 CEST.
Flavor | Version | Tinstall | Tcheck | Ttotal | Status | Flags |
---|---|---|---|---|---|---|
r-devel-linux-x86_64-debian-clang | 0.2.4 | 198.03 | 99.85 | 297.88 | NOTE | |
r-devel-linux-x86_64-debian-gcc | 0.2.4 | 134.86 | 75.30 | 210.16 | NOTE | |
r-devel-linux-x86_64-fedora-clang | 0.2.4 | 399.71 | NOTE | |||
r-devel-linux-x86_64-fedora-gcc | 0.2.4 | 443.00 | NOTE | |||
r-devel-windows-x86_64 | 0.2.4 | 143.00 | 144.00 | 287.00 | NOTE | |
r-patched-linux-x86_64 | 0.2.4 | 114.90 | 102.45 | 217.35 | NOTE | |
r-release-linux-x86_64 | 0.2.4 | 119.98 | 102.13 | 222.11 | NOTE | |
r-release-macos-arm64 | 0.2.4 | 90.00 | NOTE | |||
r-release-macos-x86_64 | 0.2.4 | 171.00 | NOTE | |||
r-release-windows-x86_64 | 0.2.4 | 140.00 | 147.00 | 287.00 | NOTE | |
r-oldrel-macos-arm64 | 0.2.4 | 119.00 | NOTE | |||
r-oldrel-macos-x86_64 | 0.2.4 | 171.00 | NOTE | |||
r-oldrel-windows-x86_64 | 0.2.4 | 175.00 | 164.00 | 339.00 | NOTE |
Version: 0.2.4
Check: Rd files
Result: NOTE
checkRd: (-1) pedigree_ll_terms.Rd:16: Lost braces in \itemize; meant \describe ?
checkRd: (-1) pedigree_ll_terms.Rd:17: Lost braces in \itemize; meant \describe ?
checkRd: (-1) pedigree_ll_terms.Rd:18: Lost braces in \itemize; meant \describe ?
checkRd: (-1) pedigree_ll_terms.Rd:19-20: Lost braces in \itemize; meant \describe ?
Flavors: r-devel-linux-x86_64-debian-clang, r-devel-linux-x86_64-debian-gcc, r-devel-linux-x86_64-fedora-clang, r-devel-linux-x86_64-fedora-gcc, r-devel-windows-x86_64, r-patched-linux-x86_64, r-release-linux-x86_64, r-release-macos-arm64, r-release-macos-x86_64, r-release-windows-x86_64
Version: 0.2.4
Check: installed package size
Result: NOTE
installed size is 6.0Mb
sub-directories of 1Mb or more:
doc 4.0Mb
libs 1.7Mb
Flavors: r-devel-linux-x86_64-fedora-clang, r-devel-windows-x86_64, r-release-macos-arm64, r-release-macos-x86_64, r-release-windows-x86_64, r-oldrel-macos-arm64, r-oldrel-macos-x86_64, r-oldrel-windows-x86_64