Last updated on 2024-07-12 02:51:17 CEST.
Flavor | Version | Tinstall | Tcheck | Ttotal | Status | Flags |
---|---|---|---|---|---|---|
r-devel-linux-x86_64-debian-clang | 2.2.0 | 494.71 | 156.38 | 651.09 | OK | |
r-devel-linux-x86_64-debian-gcc | 2.2.0 | 392.19 | 114.02 | 506.21 | OK | |
r-devel-linux-x86_64-fedora-clang | 2.2.0 | 840.61 | NOTE | |||
r-devel-linux-x86_64-fedora-gcc | 2.2.0 | 1050.62 | WARN | |||
r-devel-windows-x86_64 | 2.2.0 | 366.00 | 172.00 | 538.00 | OK | |
r-patched-linux-x86_64 | 2.2.0 | 437.60 | 150.28 | 587.88 | OK | |
r-release-linux-x86_64 | 2.2.0 | 441.82 | 147.50 | 589.32 | OK | |
r-release-macos-arm64 | 2.2.0 | 195.00 | NOTE | |||
r-release-macos-x86_64 | 2.2.0 | 214.00 | NOTE | |||
r-release-windows-x86_64 | 2.2.0 | 364.00 | 164.00 | 528.00 | OK | |
r-oldrel-macos-arm64 | 2.2.0 | 248.00 | NOTE | |||
r-oldrel-macos-x86_64 | 2.2.0 | 407.00 | NOTE | |||
r-oldrel-windows-x86_64 | 2.2.0 | 448.00 | 210.00 | 658.00 | OK |
Version: 2.2.0
Check: installed package size
Result: NOTE
installed size is 5.4Mb
sub-directories of 1Mb or more:
libs 4.2Mb
Flavors: r-devel-linux-x86_64-fedora-clang, r-release-macos-arm64, r-release-macos-x86_64, r-oldrel-macos-arm64, r-oldrel-macos-x86_64
Version: 2.2.0
Check: whether package can be installed
Result: WARN
Found the following significant warnings:
nsoptim/optimizer/auglars.hpp:874:88: warning: template-id not allowed for constructor in C++20 [-Wtemplate-id-cdtor]
nsoptim/optimizer/auglars.hpp:881:88: warning: template-id not allowed for constructor in C++20 [-Wtemplate-id-cdtor]
nsoptim/optimizer/auglars.hpp:892:88: warning: template-id not allowed for constructor in C++20 [-Wtemplate-id-cdtor]
nsoptim/optimizer/auglars.hpp:910:5: warning: template-id not allowed for constructor in C++20 [-Wtemplate-id-cdtor]
nsoptim/optimizer/auglars.hpp:915:3: warning: template-id not allowed for destructor in C++20 [-Wtemplate-id-cdtor]
See ‘/data/gannet/ripley/R/packages/tests-devel/pense.Rcheck/00install.out’ for details.
* used C++ compiler: ‘g++-14 (GCC) 14.1.0’
Flavor: r-devel-linux-x86_64-fedora-gcc