Last updated on 2024-07-12 02:51:17 CEST.
Flavor | Version | Tinstall | Tcheck | Ttotal | Status | Flags |
---|---|---|---|---|---|---|
r-devel-linux-x86_64-debian-clang | 2.1.4 | 11.02 | 290.43 | 301.45 | OK | |
r-devel-linux-x86_64-debian-gcc | 2.1.4 | 10.44 | 206.13 | 216.57 | OK | |
r-devel-linux-x86_64-fedora-clang | 2.1.4 | 389.99 | NOTE | |||
r-devel-linux-x86_64-fedora-gcc | 2.1.4 | 226.68 | NOTE | |||
r-devel-windows-x86_64 | 2.1.4 | 12.00 | 227.00 | 239.00 | NOTE | |
r-patched-linux-x86_64 | 2.1.4 | 12.64 | 276.15 | 288.79 | OK | |
r-release-linux-x86_64 | 2.1.4 | 8.03 | 275.62 | 283.65 | OK | |
r-release-macos-arm64 | 2.1.4 | 101.00 | NOTE | |||
r-release-macos-x86_64 | 2.1.4 | 158.00 | NOTE | |||
r-release-windows-x86_64 | 2.1.4 | 12.00 | 219.00 | 231.00 | NOTE | |
r-oldrel-macos-arm64 | 2.1.4 | 114.00 | NOTE | |||
r-oldrel-macos-x86_64 | 2.1.4 | 226.00 | NOTE | |||
r-oldrel-windows-x86_64 | 2.1.4 | 16.00 | 272.00 | 288.00 | NOTE |
Version: 2.1.4
Check: installed package size
Result: NOTE
installed size is 7.3Mb
sub-directories of 1Mb or more:
doc 6.1Mb
Flavors: r-devel-linux-x86_64-fedora-clang, r-devel-windows-x86_64, r-release-macos-arm64, r-release-macos-x86_64, r-release-windows-x86_64, r-oldrel-macos-arm64, r-oldrel-macos-x86_64, r-oldrel-windows-x86_64
Version: 2.1.4
Check: data for non-ASCII characters
Result: NOTE
Note: found 13 marked UTF-8 strings
Flavors: r-devel-linux-x86_64-fedora-clang, r-devel-linux-x86_64-fedora-gcc