Last updated on 2024-06-26 15:54:53 CEST.
Flavor | Version | Tinstall | Tcheck | Ttotal | Status | Flags |
---|---|---|---|---|---|---|
r-devel-linux-x86_64-debian-clang | 3.7.6 | OK | ||||
r-devel-linux-x86_64-debian-gcc | 3.7.6 | 350.51 | 31.39 | 381.90 | OK | |
r-devel-linux-x86_64-fedora-clang | 3.7.6 | 774.21 | OK | |||
r-devel-linux-x86_64-fedora-gcc | 3.7.6 | 796.42 | OK | |||
r-devel-windows-x86_64 | 3.7.6 | 498.00 | 90.00 | 588.00 | OK | |
r-patched-linux-x86_64 | 3.7.6 | 435.25 | 41.22 | 476.47 | OK | |
r-release-linux-x86_64 | 3.7.6 | 429.66 | 41.02 | 470.68 | OK | |
r-release-macos-arm64 | 3.7.6 | 155.00 | NOTE | |||
r-release-macos-x86_64 | 3.7.6 | 117.00 | NOTE | |||
r-release-windows-x86_64 | 3.7.6 | 499.00 | 108.00 | 607.00 | OK | |
r-oldrel-macos-arm64 | 3.7.6 | 172.00 | NOTE | |||
r-oldrel-macos-x86_64 | 3.7.6 | 160.00 | NOTE | |||
r-oldrel-windows-x86_64 | 3.7.6 | 444.00 | 119.00 | 563.00 | OK |
Version: 3.7.6
Check: installed package size
Result: NOTE
installed size is 45.7Mb
sub-directories of 1Mb or more:
libs 44.9Mb
Flavors: r-release-macos-arm64, r-release-macos-x86_64, r-oldrel-macos-arm64, r-oldrel-macos-x86_64