Last updated on 2024-07-12 02:51:17 CEST.
Flavor | Version | Tinstall | Tcheck | Ttotal | Status | Flags |
---|---|---|---|---|---|---|
r-devel-linux-x86_64-debian-clang | 0.1.1 | 24.79 | 283.41 | 308.20 | OK | |
r-devel-linux-x86_64-debian-gcc | 0.1.1 | 21.79 | 203.37 | 225.16 | OK | |
r-devel-linux-x86_64-fedora-clang | 0.1.1 | 383.14 | NOTE | |||
r-devel-linux-x86_64-fedora-gcc | 0.1.1 | 373.24 | OK | |||
r-devel-windows-x86_64 | 0.1.1 | 26.00 | 190.00 | 216.00 | OK | |
r-patched-linux-x86_64 | 0.1.1 | 25.80 | 267.23 | 293.03 | OK | |
r-release-linux-x86_64 | 0.1.1 | 18.91 | 267.44 | 286.35 | OK | |
r-release-macos-arm64 | 0.1.1 | 105.00 | OK | |||
r-release-macos-x86_64 | 0.1.1 | 158.00 | OK | |||
r-release-windows-x86_64 | 0.1.1 | 25.00 | 185.00 | 210.00 | OK | |
r-oldrel-macos-arm64 | 0.1.1 | 124.00 | OK | |||
r-oldrel-macos-x86_64 | 0.1.1 | 348.00 | OK | |||
r-oldrel-windows-x86_64 | 0.1.1 | 34.00 | 245.00 | 279.00 | OK |
Version: 0.1.1
Check: Rd cross-references
Result: NOTE
Undeclared package ‘network’ in Rd xrefs
Flavor: r-devel-linux-x86_64-fedora-clang