Last updated on 2024-08-16 15:49:39 CEST.
Flavor | Version | Tinstall | Tcheck | Ttotal | Status | Flags |
---|---|---|---|---|---|---|
r-devel-linux-x86_64-debian-clang | 2.3.0.1 | 13.48 | 98.72 | 112.20 | NOTE | |
r-devel-linux-x86_64-debian-gcc | 2.3.0.1 | 9.66 | 68.63 | 78.29 | NOTE | |
r-devel-linux-x86_64-fedora-clang | 2.3.0.1 | 177.59 | OK | |||
r-devel-linux-x86_64-fedora-gcc | 2.3.0.1 | 183.76 | OK | |||
r-devel-windows-x86_64 | 2.3.0.1 | 14.00 | 114.00 | 128.00 | NOTE | |
r-patched-linux-x86_64 | 2.3.0.1 | 18.27 | 93.44 | 111.71 | OK | |
r-release-linux-x86_64 | 2.3.0.1 | 12.30 | 90.64 | 102.94 | OK | |
r-release-macos-arm64 | 2.3.0.1 | 56.00 | OK | |||
r-release-macos-x86_64 | 2.3.0.1 | 124.00 | OK | |||
r-release-windows-x86_64 | 2.3.0.1 | 16.00 | 113.00 | 129.00 | OK | |
r-oldrel-macos-arm64 | 2.3.0 | 59.00 | OK | |||
r-oldrel-macos-x86_64 | 2.3.0 | 85.00 | OK |
Version: 2.3.0.1
Check: Rd cross-references
Result: NOTE
Found the following Rd file(s) with Rd \link{} targets missing package
anchors:
anova.psem.Rd: Anova
coefs.Rd: Anova
summary.psem.Rd: Anova
Please provide package anchors for all Rd \link{} targets not in the
package itself and the base packages.
Flavors: r-devel-linux-x86_64-debian-clang, r-devel-linux-x86_64-debian-gcc, r-devel-windows-x86_64