Last updated on 2024-08-16 15:49:39 CEST.
Flavor | Version | Tinstall | Tcheck | Ttotal | Status | Flags |
---|---|---|---|---|---|---|
r-devel-linux-x86_64-debian-clang | 0.2.4 | 10.63 | 83.16 | 93.79 | OK | |
r-devel-linux-x86_64-debian-gcc | 0.2.4 | 7.14 | 58.57 | 65.71 | OK | |
r-devel-linux-x86_64-fedora-clang | 0.2.4 | 153.18 | NOTE | |||
r-devel-linux-x86_64-fedora-gcc | 0.2.4 | 155.27 | NOTE | |||
r-devel-windows-x86_64 | 0.2.4 | 13.00 | 98.00 | 111.00 | OK | |
r-patched-linux-x86_64 | 0.2.4 | 11.44 | 78.28 | 89.72 | OK | |
r-release-linux-x86_64 | 0.2.4 | 10.02 | 78.19 | 88.21 | OK | |
r-release-macos-arm64 | 0.2.4 | 55.00 | OK | |||
r-release-macos-x86_64 | 0.2.4 | 83.00 | OK | |||
r-release-windows-x86_64 | 0.2.4 | 14.00 | 97.00 | 111.00 | OK | |
r-oldrel-macos-arm64 | 0.2.4 | 64.00 | OK | |||
r-oldrel-macos-x86_64 | 0.2.4 | 104.00 | OK | |||
r-oldrel-windows-x86_64 | 0.2.4 | 16.00 | 117.00 | 133.00 | OK |
Version: 0.2.4
Check: data for non-ASCII characters
Result: NOTE
Note: found 17 marked UTF-8 strings
Flavors: r-devel-linux-x86_64-fedora-clang, r-devel-linux-x86_64-fedora-gcc