Last updated on 2024-05-13 03:49:42 CEST.
Flavor | Version | Tinstall | Tcheck | Ttotal | Status | Flags |
---|---|---|---|---|---|---|
r-devel-linux-x86_64-debian-clang | 0.1.2 | 12.81 | 95.32 | 108.13 | OK | |
r-devel-linux-x86_64-debian-gcc | 0.1.2 | 11.90 | 69.82 | 81.72 | OK | |
r-devel-linux-x86_64-fedora-clang | 0.1.2 | 141.97 | NOTE | |||
r-devel-linux-x86_64-fedora-gcc | 0.1.2 | 191.88 | OK | |||
r-devel-windows-x86_64 | 0.1.2 | 16.00 | 90.00 | 106.00 | OK | |
r-patched-linux-x86_64 | 0.1.2 | 11.58 | 91.94 | 103.52 | OK | |
r-release-linux-x86_64 | 0.1.2 | 10.66 | 91.35 | 102.01 | OK | |
r-release-macos-arm64 | 0.1.2 | 49.00 | OK | |||
r-release-macos-x86_64 | 0.1.2 | 111.00 | OK | |||
r-release-windows-x86_64 | 0.1.2 | 17.00 | 89.00 | 106.00 | OK | |
r-oldrel-macos-arm64 | 0.1.2 | 52.00 | OK | |||
r-oldrel-macos-x86_64 | 0.1.2 | 98.00 | OK | |||
r-oldrel-windows-x86_64 | 0.1.2 | 19.00 | 101.00 | 120.00 | OK |
Version: 0.1.2
Check: package dependencies
Result: NOTE
Imports includes 21 non-default packages.
Importing from so many packages makes the package vulnerable to any of
them becoming unavailable. Move as many as possible to Suggests and
use conditionally.
Flavor: r-devel-linux-x86_64-fedora-clang