Last updated on 2024-08-16 03:49:32 CEST.
Flavor | Version | Tinstall | Tcheck | Ttotal | Status | Flags |
---|---|---|---|---|---|---|
r-devel-linux-x86_64-debian-clang | 0.1.1 | 13.47 | 88.86 | 102.33 | OK | |
r-devel-linux-x86_64-debian-gcc | 0.1.1 | 8.11 | 65.84 | 73.95 | OK | |
r-devel-linux-x86_64-fedora-clang | 0.1.1 | 162.07 | NOTE | |||
r-devel-linux-x86_64-fedora-gcc | 0.1.1 | 161.05 | NOTE | |||
r-devel-windows-x86_64 | 0.1.1 | 12.00 | 95.00 | 107.00 | OK | |
r-patched-linux-x86_64 | 0.1.1 | 11.14 | 83.36 | 94.50 | OK | |
r-release-linux-x86_64 | 0.1.1 | 11.36 | 84.20 | 95.56 | OK | |
r-release-macos-arm64 | 0.1.1 | 50.00 | OK | |||
r-release-macos-x86_64 | 0.1.1 | 122.00 | OK | |||
r-release-windows-x86_64 | 0.1.1 | 12.00 | 95.00 | 107.00 | OK | |
r-oldrel-macos-arm64 | 0.1.1 | 61.00 | OK | |||
r-oldrel-macos-x86_64 | 0.1.1 | 137.00 | OK | |||
r-oldrel-windows-x86_64 | 0.1.1 | 18.00 | 117.00 | 135.00 | OK |
Version: 0.1.1
Check: package dependencies
Result: NOTE
Package suggested but not available for checking: ‘tesseract’
Flavor: r-devel-linux-x86_64-fedora-clang
Version: 0.1.1
Check: data for non-ASCII characters
Result: NOTE
Note: found 70 marked UTF-8 strings
Flavors: r-devel-linux-x86_64-fedora-clang, r-devel-linux-x86_64-fedora-gcc