Last updated on 2024-06-26 15:54:53 CEST.
Flavor | Version | Tinstall | Tcheck | Ttotal | Status | Flags |
---|---|---|---|---|---|---|
r-devel-linux-x86_64-debian-clang | 0.1.1 | OK | ||||
r-devel-linux-x86_64-debian-gcc | 0.1.1 | 31.62 | 104.04 | 135.66 | OK | |
r-devel-linux-x86_64-fedora-clang | 0.1.1 | 244.99 | NOTE | |||
r-devel-linux-x86_64-fedora-gcc | 0.1.1 | 247.35 | OK | |||
r-devel-windows-x86_64 | 0.1.1 | 37.00 | 129.00 | 166.00 | NOTE | |
r-patched-linux-x86_64 | 0.1.1 | 26.75 | 135.72 | 162.47 | OK | |
r-release-linux-x86_64 | 0.1.1 | 27.51 | 135.81 | 163.32 | OK | |
r-release-macos-arm64 | 0.1.1 | 59.00 | NOTE | |||
r-release-macos-x86_64 | 0.1.1 | 87.00 | NOTE | |||
r-release-windows-x86_64 | 0.1.1 | 40.00 | 131.00 | 171.00 | NOTE | |
r-oldrel-macos-arm64 | 0.1.1 | 52.00 | NOTE | |||
r-oldrel-macos-x86_64 | 0.1.1 | 124.00 | NOTE | |||
r-oldrel-windows-x86_64 | 0.1.1 | 46.00 | 152.00 | 198.00 | NOTE |
Version: 0.1.1
Check: installed package size
Result: NOTE
installed size is 5.1Mb
sub-directories of 1Mb or more:
data 2.6Mb
doc 1.8Mb
Flavors: r-devel-linux-x86_64-fedora-clang, r-devel-windows-x86_64, r-release-macos-arm64, r-release-macos-x86_64, r-release-windows-x86_64, r-oldrel-macos-arm64, r-oldrel-macos-x86_64, r-oldrel-windows-x86_64