Last updated on 2024-08-16 15:49:39 CEST.
Flavor | Version | Tinstall | Tcheck | Ttotal | Status | Flags |
---|---|---|---|---|---|---|
r-devel-linux-x86_64-debian-clang | 1.0.1 | 25.67 | 186.57 | 212.24 | NOTE | |
r-devel-linux-x86_64-debian-gcc | 1.0.1 | 17.97 | 130.86 | 148.83 | NOTE | |
r-devel-linux-x86_64-fedora-clang | 1.0.1 | 333.61 | OK | |||
r-devel-linux-x86_64-fedora-gcc | 1.0.1 | 331.72 | OK | |||
r-devel-windows-x86_64 | 1.0.1 | 28.00 | 193.00 | 221.00 | NOTE | |
r-patched-linux-x86_64 | 1.0.1 | 33.61 | 175.93 | 209.54 | OK | |
r-release-linux-x86_64 | 1.0.1 | 23.28 | 174.06 | 197.34 | OK | |
r-release-macos-arm64 | 1.0.1 | 90.00 | OK | |||
r-release-macos-x86_64 | 1.0.1 | 133.00 | OK | |||
r-release-windows-x86_64 | 1.0.1 | 30.00 | 193.00 | 223.00 | OK | |
r-oldrel-macos-arm64 | 1.0.1 | 69.00 | OK | |||
r-oldrel-macos-x86_64 | 1.0.1 | 112.00 | OK | |||
r-oldrel-windows-x86_64 | 1.0.1 | 37.00 | 241.00 | 278.00 | OK |
Version: 1.0.1
Check: Rd cross-references
Result: NOTE
Found the following Rd file(s) with Rd \link{} targets missing package
anchors:
Lifetable.Rd: forecast, read.demogdata
Please provide package anchors for all Rd \link{} targets not in the
package itself and the base packages.
Flavors: r-devel-linux-x86_64-debian-clang, r-devel-linux-x86_64-debian-gcc, r-devel-windows-x86_64