Last updated on 2024-08-16 15:49:39 CEST.
Flavor | Version | Tinstall | Tcheck | Ttotal | Status | Flags |
---|---|---|---|---|---|---|
r-devel-linux-x86_64-debian-clang | 0.5-2 | 6.96 | 80.58 | 87.54 | ERROR | |
r-devel-linux-x86_64-debian-gcc | 0.5-2 | 4.77 | 60.87 | 65.64 | ERROR | |
r-devel-linux-x86_64-fedora-clang | 0.5-2 | 141.14 | ERROR | |||
r-devel-linux-x86_64-fedora-gcc | 0.5-2 | 148.04 | ERROR | |||
r-devel-windows-x86_64 | 0.5-2 | 7.00 | 131.00 | 138.00 | ERROR | |
r-patched-linux-x86_64 | 0.5-2 | 7.11 | 77.69 | 84.80 | NOTE | |
r-release-linux-x86_64 | 0.5-2 | 6.64 | 77.71 | 84.35 | NOTE | |
r-release-macos-arm64 | 0.5-2 | 55.00 | NOTE | |||
r-release-macos-x86_64 | 0.5-2 | 82.00 | NOTE | |||
r-release-windows-x86_64 | 0.5-2 | 8.00 | 134.00 | 142.00 | NOTE | |
r-oldrel-macos-arm64 | 0.5-2 | 60.00 | NOTE | |||
r-oldrel-macos-x86_64 | 0.5-2 | 87.00 | NOTE | |||
r-oldrel-windows-x86_64 | 0.5-2 | 10.00 | 134.00 | 144.00 | NOTE |
Version: 0.5-2
Check: Rd files
Result: NOTE
checkRd: (-1) tradelist-class.Rd:91: Escaped LaTeX specials: \$
Flavors: r-devel-linux-x86_64-debian-clang, r-devel-linux-x86_64-debian-gcc, r-devel-linux-x86_64-fedora-clang, r-devel-linux-x86_64-fedora-gcc, r-devel-windows-x86_64, r-patched-linux-x86_64, r-release-linux-x86_64, r-release-macos-arm64, r-release-macos-x86_64, r-release-windows-x86_64, r-oldrel-macos-arm64, r-oldrel-macos-x86_64, r-oldrel-windows-x86_64
Version: 0.5-2
Check: tests
Result: ERROR
Running ‘build.matches.test.R’ [1s/1s]
Running ‘classes.test.R’ [1s/1s]
Running ‘df.category.mean.test.R’ [1s/1s]
Running ‘matchit.test.R’ [1s/1s]
Running ‘nearest.multiple.test.R’ [1s/1s]
Running ‘next.treatment.test.R’ [1s/1s]
Running ‘portfolio.Arith.test.R’ [1s/1s]
Running ‘portfolio.all.equal.test.R’ [1s/1s]
Running ‘portfolio.calcShares.test.R’ [1s/1s]
Running ‘portfolio.calcWeights.test.R’ [1s/1s]
Running ‘portfolio.create.test.R’ [1s/1s]
Running ‘portfolio.expandData.test.R’ [1s/1s]
Running ‘portfolio.expose.test.R’ [1s/1s]
Running ‘portfolio.matching.test.R’ [1s/1s]
Running ‘portfolio.mvLong.test.R’ [1s/1s]
Running ‘portfolio.mvShort.test.R’ [1s/1s]
Running ‘portfolio.performance.test.R’ [1s/1s]
Running ‘portfolio.updatePrices.test.R’ [1s/1s]
Running ‘portfolioBasic.Arith.test.R’ [1s/1s]
Running ‘portfolioBasic.all.equal.test.R’ [1s/1s]
Running ‘portfolioBasic.contribution.test.R’ [1s/1s]
Running ‘portfolioBasic.exposure.test.R’ [1s/1s]
Running ‘portfolioBasic.performance.test.R’ [1s/1s]
Running ‘portfolioBasic.test.R’ [1s/1s]
Running ‘prob.matrix.test.R’ [1s/1s]
Running ‘sample.matrix.test.R’ [1s/1s]
Running ‘tradelist.calcActual.test.R’ [1s/1s]
Running ‘tradelist.calcCandidates.test.R’ [1s/2s]
Running ‘tradelist.calcChunks.test.R’ [1s/1s]
Running ‘tradelist.calcChunksActual.test.R’ [1s/1s]
Running ‘tradelist.calcRanks.test.R’ [1s/1s]
Running ‘tradelist.calcSwaps.test.R’ [1s/1s]
Running ‘tradelist.calcSwapsActual.test.R’ [1s/1s]
Running ‘trades.test.R’ [1s/1s]
Running ‘weight.test.R’ [1s/1s]
Running the tests in ‘tests/tradelist.calcSwaps.test.R’ failed.
Complete output:
> ################################################################################
> ##
> ## $Id: tradelist.calcSwaps.test.R 346 2006-10-01 05:08:55Z enos $
> ##
> ## Tests "calcSwaps" method of "tradelist" class
> ##
> ################################################################################
>
> library(portfolio)
Loading required package: grid
Loading required package: lattice
>
> load("tradelist.calcSwaps.test.RData")
>
> ## save(tl, tl.1, tl.2, tl.3, truth.swaps, truth.row.names, truth.row.names.2, truth.row.names.3, file = "tradelist.calcSwaps.test.RData", compress = TRUE)
>
> tl <- portfolio:::calcSwaps(tl)
>
> stopifnot(all.equal(tl@swaps, truth.swaps))
Error: tl@swaps and truth.swaps are not equal:
Component "Row.names": Attributes: < target is NULL, current is list >
Component "Row.names": target is character, current is AsIs
Execution halted
Flavor: r-devel-linux-x86_64-debian-clang
Version: 0.5-2
Check: tests
Result: ERROR
Running ‘build.matches.test.R’ [0s/0s]
Running ‘classes.test.R’ [1s/1s]
Running ‘df.category.mean.test.R’ [0s/1s]
Running ‘matchit.test.R’ [1s/1s]
Running ‘nearest.multiple.test.R’ [0s/0s]
Running ‘next.treatment.test.R’ [1s/1s]
Running ‘portfolio.Arith.test.R’ [1s/1s]
Running ‘portfolio.all.equal.test.R’ [0s/1s]
Running ‘portfolio.calcShares.test.R’ [1s/1s]
Running ‘portfolio.calcWeights.test.R’ [1s/1s]
Running ‘portfolio.create.test.R’ [0s/1s]
Running ‘portfolio.expandData.test.R’ [0s/0s]
Running ‘portfolio.expose.test.R’ [1s/1s]
Running ‘portfolio.matching.test.R’ [1s/1s]
Running ‘portfolio.mvLong.test.R’ [0s/0s]
Running ‘portfolio.mvShort.test.R’ [0s/1s]
Running ‘portfolio.performance.test.R’ [1s/1s]
Running ‘portfolio.updatePrices.test.R’ [0s/1s]
Running ‘portfolioBasic.Arith.test.R’ [0s/1s]
Running ‘portfolioBasic.all.equal.test.R’ [0s/0s]
Running ‘portfolioBasic.contribution.test.R’ [0s/1s]
Running ‘portfolioBasic.exposure.test.R’ [0s/0s]
Running ‘portfolioBasic.performance.test.R’ [1s/1s]
Running ‘portfolioBasic.test.R’ [0s/1s]
Running ‘prob.matrix.test.R’ [0s/1s]
Running ‘sample.matrix.test.R’ [0s/1s]
Running ‘tradelist.calcActual.test.R’ [0s/1s]
Running ‘tradelist.calcCandidates.test.R’ [1s/1s]
Running ‘tradelist.calcChunks.test.R’ [1s/1s]
Running ‘tradelist.calcChunksActual.test.R’ [0s/1s]
Running ‘tradelist.calcRanks.test.R’ [1s/1s]
Running ‘tradelist.calcSwaps.test.R’ [0s/1s]
Running ‘tradelist.calcSwapsActual.test.R’ [0s/1s]
Running ‘trades.test.R’ [0s/1s]
Running ‘weight.test.R’ [0s/1s]
Running the tests in ‘tests/tradelist.calcSwaps.test.R’ failed.
Complete output:
> ################################################################################
> ##
> ## $Id: tradelist.calcSwaps.test.R 346 2006-10-01 05:08:55Z enos $
> ##
> ## Tests "calcSwaps" method of "tradelist" class
> ##
> ################################################################################
>
> library(portfolio)
Loading required package: grid
Loading required package: lattice
>
> load("tradelist.calcSwaps.test.RData")
>
> ## save(tl, tl.1, tl.2, tl.3, truth.swaps, truth.row.names, truth.row.names.2, truth.row.names.3, file = "tradelist.calcSwaps.test.RData", compress = TRUE)
>
> tl <- portfolio:::calcSwaps(tl)
>
> stopifnot(all.equal(tl@swaps, truth.swaps))
Error: tl@swaps and truth.swaps are not equal:
Component "Row.names": Attributes: < target is NULL, current is list >
Component "Row.names": target is character, current is AsIs
Execution halted
Flavor: r-devel-linux-x86_64-debian-gcc
Version: 0.5-2
Check: tests
Result: ERROR
Running ‘build.matches.test.R’
Running ‘classes.test.R’
Running ‘df.category.mean.test.R’
Running ‘matchit.test.R’
Running ‘nearest.multiple.test.R’
Running ‘next.treatment.test.R’
Running ‘portfolio.Arith.test.R’
Running ‘portfolio.all.equal.test.R’
Running ‘portfolio.calcShares.test.R’
Running ‘portfolio.calcWeights.test.R’
Running ‘portfolio.create.test.R’
Running ‘portfolio.expandData.test.R’
Running ‘portfolio.expose.test.R’
Running ‘portfolio.matching.test.R’
Running ‘portfolio.mvLong.test.R’
Running ‘portfolio.mvShort.test.R’
Running ‘portfolio.performance.test.R’
Running ‘portfolio.updatePrices.test.R’
Running ‘portfolioBasic.Arith.test.R’
Running ‘portfolioBasic.all.equal.test.R’
Running ‘portfolioBasic.contribution.test.R’
Running ‘portfolioBasic.exposure.test.R’
Running ‘portfolioBasic.performance.test.R’
Running ‘portfolioBasic.test.R’
Running ‘prob.matrix.test.R’
Running ‘sample.matrix.test.R’
Running ‘tradelist.calcActual.test.R’
Running ‘tradelist.calcCandidates.test.R’
Running ‘tradelist.calcChunks.test.R’
Running ‘tradelist.calcChunksActual.test.R’
Running ‘tradelist.calcRanks.test.R’
Running ‘tradelist.calcSwaps.test.R’
Running ‘tradelist.calcSwapsActual.test.R’
Running ‘trades.test.R’
Running ‘weight.test.R’
Running the tests in ‘tests/tradelist.calcSwaps.test.R’ failed.
Complete output:
> ################################################################################
> ##
> ## $Id: tradelist.calcSwaps.test.R 346 2006-10-01 05:08:55Z enos $
> ##
> ## Tests "calcSwaps" method of "tradelist" class
> ##
> ################################################################################
>
> library(portfolio)
Loading required package: grid
Loading required package: lattice
>
> load("tradelist.calcSwaps.test.RData")
>
> ## save(tl, tl.1, tl.2, tl.3, truth.swaps, truth.row.names, truth.row.names.2, truth.row.names.3, file = "tradelist.calcSwaps.test.RData", compress = TRUE)
>
> tl <- portfolio:::calcSwaps(tl)
>
> stopifnot(all.equal(tl@swaps, truth.swaps))
Error: tl@swaps and truth.swaps are not equal:
Component "Row.names": Attributes: < target is NULL, current is list >
Component "Row.names": target is character, current is AsIs
Execution halted
Flavors: r-devel-linux-x86_64-fedora-clang, r-devel-linux-x86_64-fedora-gcc
Version: 0.5-2
Check: tests
Result: ERROR
Running 'build.matches.test.R' [1s]
Running 'classes.test.R' [1s]
Running 'df.category.mean.test.R' [1s]
Running 'matchit.test.R' [1s]
Running 'nearest.multiple.test.R' [0s]
Running 'next.treatment.test.R' [1s]
Running 'portfolio.Arith.test.R' [1s]
Running 'portfolio.all.equal.test.R' [1s]
Running 'portfolio.calcShares.test.R' [1s]
Running 'portfolio.calcWeights.test.R' [1s]
Running 'portfolio.create.test.R' [1s]
Running 'portfolio.expandData.test.R' [0s]
Running 'portfolio.expose.test.R' [1s]
Running 'portfolio.matching.test.R' [1s]
Running 'portfolio.mvLong.test.R' [1s]
Running 'portfolio.mvShort.test.R' [1s]
Running 'portfolio.performance.test.R' [1s]
Running 'portfolio.updatePrices.test.R' [0s]
Running 'portfolioBasic.Arith.test.R' [1s]
Running 'portfolioBasic.all.equal.test.R' [1s]
Running 'portfolioBasic.contribution.test.R' [1s]
Running 'portfolioBasic.exposure.test.R' [1s]
Running 'portfolioBasic.performance.test.R' [1s]
Running 'portfolioBasic.test.R' [0s]
Running 'prob.matrix.test.R' [1s]
Running 'sample.matrix.test.R' [0s]
Running 'tradelist.calcActual.test.R' [1s]
Running 'tradelist.calcCandidates.test.R' [1s]
Running 'tradelist.calcChunks.test.R' [1s]
Running 'tradelist.calcChunksActual.test.R' [1s]
Running 'tradelist.calcRanks.test.R' [1s]
Running 'tradelist.calcSwaps.test.R' [1s]
Running 'tradelist.calcSwapsActual.test.R' [1s]
Running 'trades.test.R' [1s]
Running 'weight.test.R' [1s]
Running the tests in 'tests/tradelist.calcSwaps.test.R' failed.
Complete output:
> ################################################################################
> ##
> ## $Id: tradelist.calcSwaps.test.R 346 2006-10-01 05:08:55Z enos $
> ##
> ## Tests "calcSwaps" method of "tradelist" class
> ##
> ################################################################################
>
> library(portfolio)
Loading required package: grid
Loading required package: lattice
>
> load("tradelist.calcSwaps.test.RData")
>
> ## save(tl, tl.1, tl.2, tl.3, truth.swaps, truth.row.names, truth.row.names.2, truth.row.names.3, file = "tradelist.calcSwaps.test.RData", compress = TRUE)
>
> tl <- portfolio:::calcSwaps(tl)
>
> stopifnot(all.equal(tl@swaps, truth.swaps))
Error: tl@swaps and truth.swaps are not equal:
Component "Row.names": Attributes: < target is NULL, current is list >
Component "Row.names": target is character, current is AsIs
Execution halted
Flavor: r-devel-windows-x86_64