Last updated on 2024-08-16 15:49:39 CEST.
Flavor | Version | Tinstall | Tcheck | Ttotal | Status | Flags |
---|---|---|---|---|---|---|
r-devel-linux-x86_64-debian-clang | 1.3.0 | 7.87 | 202.43 | 210.30 | OK | |
r-devel-linux-x86_64-debian-gcc | 1.3.0 | 5.22 | 138.27 | 143.49 | OK | |
r-devel-linux-x86_64-fedora-clang | 1.3.0 | 344.31 | OK | |||
r-devel-linux-x86_64-fedora-gcc | 1.3.0 | 348.31 | OK | |||
r-devel-windows-x86_64 | 1.3.0 | 12.00 | 192.00 | 204.00 | OK | |
r-patched-linux-x86_64 | 1.3.0 | 10.16 | 185.13 | 195.29 | OK | |
r-release-linux-x86_64 | 1.3.0 | 8.61 | 188.29 | 196.90 | OK | |
r-release-macos-arm64 | 1.3.0 | 85.00 | NOTE | |||
r-release-macos-x86_64 | 1.3.0 | 137.00 | OK | |||
r-release-windows-x86_64 | 1.3.0 | 11.00 | 192.00 | 203.00 | OK | |
r-oldrel-macos-arm64 | 1.3.0 | 97.00 | OK | |||
r-oldrel-macos-x86_64 | 1.3.0 | 155.00 | OK | |||
r-oldrel-windows-x86_64 | 1.3.0 | 15.00 | 228.00 | 243.00 | OK |
Version: 1.3.0
Check: installed package size
Result: NOTE
installed size is 5.0Mb
sub-directories of 1Mb or more:
data 1.1Mb
doc 3.0Mb
Flavor: r-release-macos-arm64