Last updated on 2024-08-16 03:49:33 CEST.
Flavor | Version | Tinstall | Tcheck | Ttotal | Status | Flags |
---|---|---|---|---|---|---|
r-devel-linux-x86_64-debian-clang | 1.1.0.1 | 7.95 | 164.36 | 172.31 | OK | |
r-devel-linux-x86_64-debian-gcc | 1.1.0.1 | 5.89 | 106.47 | 112.36 | OK | |
r-devel-linux-x86_64-fedora-clang | 1.1.0.1 | 283.81 | NOTE | |||
r-devel-linux-x86_64-fedora-gcc | 1.1.0.1 | 286.81 | OK | |||
r-devel-windows-x86_64 | 1.1.0.1 | 10.00 | 146.00 | 156.00 | NOTE | |
r-patched-linux-x86_64 | 1.1.0.1 | 9.13 | 153.56 | 162.69 | OK | |
r-release-linux-x86_64 | 1.1.0.1 | 8.29 | 153.59 | 161.88 | OK | |
r-release-macos-arm64 | 1.1.0.1 | 63.00 | NOTE | |||
r-release-macos-x86_64 | 1.1.0.1 | 127.00 | NOTE | |||
r-release-windows-x86_64 | 1.1.0.1 | 10.00 | 148.00 | 158.00 | NOTE | |
r-oldrel-macos-arm64 | 1.1.0.1 | 70.00 | NOTE | |||
r-oldrel-macos-x86_64 | 1.1.0.1 | 168.00 | NOTE | |||
r-oldrel-windows-x86_64 | 1.1.0.1 | 12.00 | 235.00 | 247.00 | NOTE |
Version: 1.1.0.1
Check: installed package size
Result: NOTE
installed size is 6.7Mb
sub-directories of 1Mb or more:
doc 6.2Mb
Flavors: r-devel-linux-x86_64-fedora-clang, r-devel-windows-x86_64, r-release-macos-arm64, r-release-macos-x86_64, r-release-windows-x86_64, r-oldrel-macos-arm64, r-oldrel-macos-x86_64, r-oldrel-windows-x86_64