Last updated on 2024-08-16 15:49:39 CEST.
Flavor | Version | Tinstall | Tcheck | Ttotal | Status | Flags |
---|---|---|---|---|---|---|
r-devel-linux-x86_64-debian-clang | 1.2.0 | 6.51 | 53.85 | 60.36 | NOTE | |
r-devel-linux-x86_64-debian-gcc | 1.2.0 | 4.26 | 38.78 | 43.04 | NOTE | |
r-devel-linux-x86_64-fedora-clang | 1.2.0 | 96.30 | NOTE | |||
r-devel-linux-x86_64-fedora-gcc | 1.2.0 | 91.60 | NOTE | |||
r-devel-windows-x86_64 | 1.2.0 | 8.00 | 79.00 | 87.00 | NOTE | |
r-patched-linux-x86_64 | 1.2.0 | 4.86 | 51.59 | 56.45 | NOTE | |
r-release-linux-x86_64 | 1.2.0 | 5.78 | 52.40 | 58.18 | NOTE | |
r-release-macos-arm64 | 1.2.0 | 31.00 | NOTE | |||
r-release-macos-x86_64 | 1.2.0 | 57.00 | NOTE | |||
r-release-windows-x86_64 | 1.2.0 | 9.00 | 80.00 | 89.00 | NOTE | |
r-oldrel-macos-arm64 | 1.2.0 | 30.00 | OK | |||
r-oldrel-macos-x86_64 | 1.2.0 | 48.00 | NOTE | |||
r-oldrel-windows-x86_64 | 1.2.0 | 10.00 | 89.00 | 99.00 | OK |
Version: 1.2.0
Check: Rd files
Result: NOTE
checkRd: (-1) alogistic.Rd:20: Lost braces
20 | The user does not put these directly into this function, but rather uses code{ode} in the \code{deSolve} package.
| ^
Flavors: r-devel-linux-x86_64-debian-clang, r-devel-linux-x86_64-debian-gcc, r-devel-linux-x86_64-fedora-clang, r-devel-linux-x86_64-fedora-gcc, r-devel-windows-x86_64, r-patched-linux-x86_64, r-release-linux-x86_64, r-release-macos-arm64, r-release-macos-x86_64, r-release-windows-x86_64
Version: 1.2.0
Check: dependencies in R code
Result: NOTE
Namespaces in Imports field not imported from:
‘tidyr’ ‘utils’
All declared Imports should be used.
Flavors: r-devel-linux-x86_64-fedora-clang, r-devel-linux-x86_64-fedora-gcc
Version: 1.2.0
Check: package dependencies
Result: NOTE
Package suggested but not available for checking: ‘bipartite’
Flavor: r-oldrel-macos-x86_64