Last updated on 2024-08-16 15:49:39 CEST.
Flavor | Version | Tinstall | Tcheck | Ttotal | Status | Flags |
---|---|---|---|---|---|---|
r-devel-linux-x86_64-debian-clang | 1.0.3 | 16.72 | 298.82 | 315.54 | OK | |
r-devel-linux-x86_64-debian-gcc | 1.0.3 | 10.94 | 207.94 | 218.88 | OK | |
r-devel-linux-x86_64-fedora-clang | 1.0.3 | 494.00 | NOTE | |||
r-devel-linux-x86_64-fedora-gcc | 1.0.3 | 492.63 | OK | |||
r-devel-windows-x86_64 | 1.0.3 | 17.00 | 285.00 | 302.00 | OK | |
r-patched-linux-x86_64 | 1.0.3 | 17.50 | 281.11 | 298.61 | OK | |
r-release-linux-x86_64 | 1.0.3 | 13.86 | 285.17 | 299.03 | OK | |
r-release-macos-arm64 | 1.0.3 | 149.00 | OK | |||
r-release-macos-x86_64 | 1.0.3 | 217.00 | OK | |||
r-release-windows-x86_64 | 1.0.3 | 17.00 | 285.00 | 302.00 | OK | |
r-oldrel-macos-arm64 | 1.0.3 | 151.00 | OK | |||
r-oldrel-macos-x86_64 | 1.0.3 | 374.00 | OK | |||
r-oldrel-windows-x86_64 | 1.0.3 | 23.00 | 357.00 | 380.00 | OK |
Version: 1.0.3
Check: Rd cross-references
Result: NOTE
Undeclared package ‘future’ in Rd xrefs
Flavor: r-devel-linux-x86_64-fedora-clang