Last updated on 2024-08-16 03:49:33 CEST.
Flavor | Version | Tinstall | Tcheck | Ttotal | Status | Flags |
---|---|---|---|---|---|---|
r-devel-linux-x86_64-debian-clang | 1.1.0 | 1153.64 | 238.78 | 1392.42 | NOTE | |
r-devel-linux-x86_64-debian-gcc | 1.1.0 | 1049.48 | 252.74 | 1302.22 | NOTE | |
r-devel-linux-x86_64-fedora-clang | 1.1.0 | 2140.93 | NOTE | |||
r-devel-linux-x86_64-fedora-gcc | 1.1.0 | 3230.71 | NOTE | |||
r-devel-windows-x86_64 | 1.1.0 | 1104.00 | 327.00 | 1431.00 | NOTE | |
r-patched-linux-x86_64 | 1.1.0 | 1344.71 | 341.29 | 1686.00 | NOTE | |
r-release-linux-x86_64 | 1.1.0 | 1369.85 | 347.53 | 1717.38 | NOTE | |
r-release-macos-arm64 | 1.1.0 | 518.00 | NOTE | |||
r-release-macos-x86_64 | 1.1.0 | 541.00 | NOTE | |||
r-release-windows-x86_64 | 1.1.0 | 1083.00 | 325.00 | 1408.00 | NOTE | |
r-oldrel-macos-arm64 | 1.1.0 | 565.00 | NOTE | |||
r-oldrel-macos-x86_64 | 1.1.0 | 551.00 | NOTE | |||
r-oldrel-windows-x86_64 | 1.1.0 | 1352.00 | 414.00 | 1766.00 | NOTE |
Version: 1.1.0
Check: for GNU extensions in Makefiles
Result: NOTE
GNU make is a SystemRequirements.
Flavors: r-devel-linux-x86_64-debian-clang, r-devel-linux-x86_64-debian-gcc, r-devel-linux-x86_64-fedora-clang, r-devel-linux-x86_64-fedora-gcc, r-devel-windows-x86_64, r-patched-linux-x86_64, r-release-linux-x86_64, r-release-macos-arm64, r-release-macos-x86_64, r-release-windows-x86_64, r-oldrel-macos-arm64, r-oldrel-macos-x86_64, r-oldrel-windows-x86_64
Version: 1.1.0
Check: installed package size
Result: NOTE
installed size is 12.3Mb
sub-directories of 1Mb or more:
libs 11.7Mb
Flavors: r-devel-linux-x86_64-fedora-clang, r-devel-windows-x86_64, r-release-macos-arm64, r-release-macos-x86_64, r-release-windows-x86_64, r-oldrel-macos-arm64, r-oldrel-macos-x86_64, r-oldrel-windows-x86_64
Version: 1.1.0
Check: dependencies in R code
Result: NOTE
Namespaces in Imports field not imported from:
‘RcppParallel’ ‘rstantools’
All declared Imports should be used.
Flavors: r-devel-linux-x86_64-fedora-clang, r-devel-linux-x86_64-fedora-gcc