Last updated on 2024-08-16 15:49:39 CEST.
Flavor | Version | Tinstall | Tcheck | Ttotal | Status | Flags |
---|---|---|---|---|---|---|
r-devel-linux-x86_64-debian-clang | 0.5.0 | 6.96 | 163.22 | 170.18 | OK | |
r-devel-linux-x86_64-debian-gcc | 0.5.0 | 4.93 | 110.02 | 114.95 | OK | |
r-devel-linux-x86_64-fedora-clang | 0.5.0 | 271.22 | NOTE | |||
r-devel-linux-x86_64-fedora-gcc | 0.5.0 | 274.38 | NOTE | |||
r-devel-windows-x86_64 | 0.5.0 | 10.00 | 171.00 | 181.00 | OK | |
r-patched-linux-x86_64 | 0.5.0 | 7.74 | 154.21 | 161.95 | OK | |
r-release-linux-x86_64 | 0.5.0 | 6.51 | 158.13 | 164.64 | OK | |
r-release-macos-arm64 | 0.5.0 | 78.00 | OK | |||
r-release-macos-x86_64 | 0.5.0 | 107.00 | OK | |||
r-release-windows-x86_64 | 0.5.0 | 11.00 | 168.00 | 179.00 | OK | |
r-oldrel-macos-arm64 | 0.5.0 | 105.00 | OK | |||
r-oldrel-macos-x86_64 | 0.5.0 | 198.00 | OK | |||
r-oldrel-windows-x86_64 | 0.5.0 | 12.00 | 214.00 | 226.00 | OK |
Version: 0.5.0
Check: dependencies in R code
Result: NOTE
Namespaces in Imports field not imported from:
‘lifecycle’ ‘patchwork’
All declared Imports should be used.
Flavors: r-devel-linux-x86_64-fedora-clang, r-devel-linux-x86_64-fedora-gcc