Last updated on 2024-06-26 15:54:53 CEST.
Flavor | Version | Tinstall | Tcheck | Ttotal | Status | Flags |
---|---|---|---|---|---|---|
r-devel-linux-x86_64-debian-clang | 2.8 | OK | ||||
r-devel-linux-x86_64-debian-gcc | 2.8 | 6.50 | 21.89 | 28.39 | OK | |
r-devel-linux-x86_64-fedora-clang | 2.8 | 53.50 | NOTE | |||
r-devel-linux-x86_64-fedora-gcc | 2.8 | 48.36 | NOTE | |||
r-devel-windows-x86_64 | 2.8 | 11.00 | 50.00 | 61.00 | OK | |
r-patched-linux-x86_64 | 2.8 | 7.22 | 27.03 | 34.25 | OK | |
r-release-linux-x86_64 | 2.8 | 8.64 | 27.40 | 36.04 | OK | |
r-release-macos-arm64 | 2.8 | 22.00 | OK | |||
r-release-macos-x86_64 | 2.8 | 33.00 | OK | |||
r-release-windows-x86_64 | 2.8 | 10.00 | 51.00 | 61.00 | OK | |
r-oldrel-macos-arm64 | 2.8 | 23.00 | OK | |||
r-oldrel-macos-x86_64 | 2.8 | 33.00 | OK | |||
r-oldrel-windows-x86_64 | 2.8 | 11.00 | 70.00 | 81.00 | OK |
Version: 2.8
Check: compiled code
Result: NOTE
File ‘ptinpoly/libs/ptinpoly.so’:
Found no calls to: ‘R_registerRoutines’, ‘R_useDynamicSymbols’
It is good practice to register native routines and to disable symbol
search.
See ‘Writing portable packages’ in the ‘Writing R Extensions’ manual.
Flavors: r-devel-linux-x86_64-fedora-clang, r-devel-linux-x86_64-fedora-gcc