Last updated on 2024-06-26 15:54:53 CEST.
Flavor | Version | Tinstall | Tcheck | Ttotal | Status | Flags |
---|---|---|---|---|---|---|
r-devel-linux-x86_64-debian-clang | 1.1 | OK | ||||
r-devel-linux-x86_64-debian-gcc | 1.1 | 13.84 | 130.22 | 144.06 | OK | |
r-devel-linux-x86_64-fedora-clang | 1.1 | 258.12 | NOTE | |||
r-devel-linux-x86_64-fedora-gcc | 1.1 | 254.61 | OK | |||
r-devel-windows-x86_64 | 1.1 | 15.00 | 150.00 | 165.00 | OK | |
r-patched-linux-x86_64 | 1.1 | 11.15 | 168.94 | 180.09 | OK | |
r-release-linux-x86_64 | 1.1 | 16.88 | 169.08 | 185.96 | OK | |
r-release-macos-arm64 | 1.1 | 80.00 | OK | |||
r-release-macos-x86_64 | 1.1 | 114.00 | OK | |||
r-release-windows-x86_64 | 1.1 | 16.00 | 148.00 | 164.00 | OK | |
r-oldrel-macos-arm64 | 1.1 | 83.00 | OK | |||
r-oldrel-macos-x86_64 | 1.1 | 148.00 | OK | |||
r-oldrel-windows-x86_64 | 1.1 | 20.00 | 185.00 | 205.00 | OK |
Version: 1.1
Check: whether startup messages can be suppressed
Result: NOTE
OMP: Warning #96: Cannot form a team with 24 threads, using 2 instead.
OMP: Hint Consider unsetting KMP_DEVICE_THREAD_LIMIT (KMP_ALL_THREADS), KMP_TEAMS_THREAD_LIMIT, and OMP_THREAD_LIMIT (if any are set).
It looks like this package (or a package it requires) has a startup
message which cannot be suppressed: see ?packageStartupMessage.
Flavor: r-devel-linux-x86_64-fedora-clang