Last updated on 2024-05-09 15:49:30 CEST.
Flavor | Version | Tinstall | Tcheck | Ttotal | Status | Flags |
---|---|---|---|---|---|---|
r-devel-linux-x86_64-debian-clang | 1.0-0 | 13.74 | 120.99 | 134.73 | NOTE | |
r-devel-linux-x86_64-debian-gcc | 1.0-0 | 11.95 | 90.35 | 102.30 | NOTE | |
r-devel-linux-x86_64-fedora-clang | 1.0-0 | 167.60 | NOTE | |||
r-devel-linux-x86_64-fedora-gcc | 1.0-0 | 236.09 | NOTE | |||
r-devel-windows-x86_64 | 1.0-0 | 14.00 | 109.00 | 123.00 | NOTE | |
r-patched-linux-x86_64 | 1.0-0 | 18.73 | 116.04 | 134.77 | NOTE | |
r-release-linux-x86_64 | 1.0-0 | 9.89 | 117.15 | 127.04 | NOTE | |
r-release-macos-arm64 | 1.0-0 | 47.00 | NOTE | |||
r-release-windows-x86_64 | 1.0-0 | 16.00 | 109.00 | 125.00 | NOTE | |
r-oldrel-macos-arm64 | 1.0-0 | 59.00 | OK | |||
r-oldrel-macos-x86_64 | 1.0-0 | 105.00 | OK | |||
r-oldrel-windows-x86_64 | 1.0-0 | 18.00 | 130.00 | 148.00 | OK |
Version: 1.0-0
Check: Rd files
Result: NOTE
checkRd: (-1) setqreportOption.Rd:12: Lost braces in \itemize; meant \describe ?
checkRd: (-1) setqreportOption.Rd:13: Lost braces in \itemize; meant \describe ?
checkRd: (-1) setqreportOption.Rd:14: Lost braces in \itemize; meant \describe ?
checkRd: (-1) setqreportOption.Rd:15: Lost braces in \itemize; meant \describe ?
checkRd: (-1) setqreportOption.Rd:16: Lost braces in \itemize; meant \describe ?
checkRd: (-1) setqreportOption.Rd:17: Lost braces in \itemize; meant \describe ?
checkRd: (-1) setqreportOption.Rd:18: Lost braces in \itemize; meant \describe ?
checkRd: (-1) setqreportOption.Rd:19: Lost braces in \itemize; meant \describe ?
checkRd: (-1) setqreportOption.Rd:20: Lost braces in \itemize; meant \describe ?
checkRd: (-1) setqreportOption.Rd:21: Lost braces in \itemize; meant \describe ?
Flavors: r-devel-linux-x86_64-debian-clang, r-devel-linux-x86_64-debian-gcc, r-devel-linux-x86_64-fedora-clang, r-devel-linux-x86_64-fedora-gcc, r-devel-windows-x86_64, r-patched-linux-x86_64, r-release-linux-x86_64, r-release-macos-arm64, r-release-windows-x86_64
Version: 1.0-0
Check: Rd cross-references
Result: NOTE
Undeclared package ‘mice’ in Rd xrefs
Flavor: r-devel-linux-x86_64-fedora-clang