Last updated on 2024-05-21 15:50:35 CEST.
Flavor | Version | Tinstall | Tcheck | Ttotal | Status | Flags |
---|---|---|---|---|---|---|
r-devel-linux-x86_64-debian-clang | 1.5.0 | 8.10 | 90.40 | 98.50 | NOTE | |
r-devel-linux-x86_64-debian-gcc | 1.5.0 | 5.77 | 67.65 | 73.42 | NOTE | |
r-devel-linux-x86_64-fedora-clang | 1.5.0 | 131.05 | NOTE | |||
r-devel-linux-x86_64-fedora-gcc | 1.5.0 | 123.98 | NOTE | |||
r-devel-windows-x86_64 | 1.5.0 | 7.00 | 82.00 | 89.00 | NOTE | |
r-patched-linux-x86_64 | 1.5.0 | 6.24 | 86.36 | 92.60 | NOTE | |
r-release-linux-x86_64 | 1.5.0 | 6.03 | 84.46 | 90.49 | NOTE | |
r-release-macos-arm64 | 1.5.0 | 43.00 | NOTE | |||
r-release-windows-x86_64 | 1.5.0 | 7.00 | 81.00 | 88.00 | NOTE | |
r-oldrel-macos-arm64 | 1.5.0 | 43.00 | OK | |||
r-oldrel-macos-x86_64 | 1.5.0 | 69.00 | OK | |||
r-oldrel-windows-x86_64 | 1.5.0 | 9.00 | 93.00 | 102.00 | OK |
Version: 1.5.0
Check: Rd files
Result: NOTE
checkRd: (-1) display_table.Rd:37: Lost braces; missing escapes or markup?
37 | \item{normtest}{A character indicating test of normality, the default method is \code{\link{shapiro.test}} when sample size no more than 5000, otherwise \code{\link[nortest]{lillie.test}} {Kolmogorov-Smirnov} is used, see package \strong{nortest} for more methods.Use 'shapiro.test', 'lillie.test', 'ad.test', etc to specify methods.}
| ^
Flavors: r-devel-linux-x86_64-debian-clang, r-devel-linux-x86_64-debian-gcc, r-devel-linux-x86_64-fedora-clang, r-devel-linux-x86_64-fedora-gcc, r-devel-windows-x86_64, r-patched-linux-x86_64, r-release-linux-x86_64, r-release-macos-arm64, r-release-windows-x86_64
Version: 1.5.0
Check: dependencies in R code
Result: NOTE
Namespace in Imports field not imported from: ‘psych’
All declared Imports should be used.
Flavors: r-devel-linux-x86_64-fedora-clang, r-devel-linux-x86_64-fedora-gcc
Version: 1.5.0
Check: Rd cross-references
Result: NOTE
Undeclared package ‘PredictABEL’ in Rd xrefs
Flavor: r-devel-linux-x86_64-fedora-clang