Last updated on 2024-08-16 15:49:40 CEST.
Flavor | Version | Tinstall | Tcheck | Ttotal | Status | Flags |
---|---|---|---|---|---|---|
r-devel-linux-x86_64-debian-clang | 0.3.7 | 9.76 | 88.92 | 98.68 | NOTE | |
r-devel-linux-x86_64-debian-gcc | 0.3.7 | 6.96 | 63.47 | 70.43 | NOTE | |
r-devel-linux-x86_64-fedora-clang | 0.3.7 | 158.76 | NOTE | |||
r-devel-linux-x86_64-fedora-gcc | 0.3.7 | 153.04 | NOTE | |||
r-devel-windows-x86_64 | 0.3.7 | 12.00 | 96.00 | 108.00 | NOTE | |
r-patched-linux-x86_64 | 0.3.7 | 9.33 | 84.80 | 94.13 | NOTE | |
r-release-linux-x86_64 | 0.3.7 | 7.82 | 84.52 | 92.34 | NOTE | |
r-release-macos-arm64 | 0.3.7 | 47.00 | NOTE | |||
r-release-macos-x86_64 | 0.3.7 | 92.00 | NOTE | |||
r-release-windows-x86_64 | 0.3.7 | 13.00 | 96.00 | 109.00 | NOTE | |
r-oldrel-macos-arm64 | 0.3.7 | 51.00 | NOTE | |||
r-oldrel-macos-x86_64 | 0.3.7 | 108.00 | NOTE | |||
r-oldrel-windows-x86_64 | 0.3.7 | 15.00 | 115.00 | 130.00 | NOTE |
Version: 0.3.7
Check: package dependencies
Result: NOTE
Package suggested but not available for checking: ‘bootmlm’
Flavors: r-devel-linux-x86_64-debian-clang, r-devel-linux-x86_64-debian-gcc, r-devel-linux-x86_64-fedora-clang, r-devel-linux-x86_64-fedora-gcc, r-devel-windows-x86_64, r-patched-linux-x86_64, r-release-linux-x86_64, r-release-macos-arm64, r-release-macos-x86_64, r-release-windows-x86_64, r-oldrel-macos-arm64, r-oldrel-macos-x86_64, r-oldrel-windows-x86_64