Last updated on 2024-08-16 15:49:40 CEST.
Flavor | Version | Tinstall | Tcheck | Ttotal | Status | Flags |
---|---|---|---|---|---|---|
r-devel-linux-x86_64-debian-clang | 2.2.4 | 4.22 | 51.33 | 55.55 | NOTE | |
r-devel-linux-x86_64-debian-gcc | 2.2.4 | 3.19 | 38.05 | 41.24 | NOTE | |
r-devel-linux-x86_64-fedora-clang | 2.2.4 | 90.46 | NOTE | |||
r-devel-linux-x86_64-fedora-gcc | 2.2.4 | 98.59 | NOTE | |||
r-devel-windows-x86_64 | 2.2.4 | 8.00 | 76.00 | 84.00 | NOTE | |
r-patched-linux-x86_64 | 2.2.4 | 4.76 | 48.68 | 53.44 | NOTE | |
r-release-linux-x86_64 | 2.2.4 | 4.09 | 49.17 | 53.26 | NOTE | |
r-release-macos-arm64 | 2.2.4 | 72.00 | NOTE | |||
r-release-macos-x86_64 | 2.2.4 | 83.00 | NOTE | |||
r-release-windows-x86_64 | 2.2.4 | 8.00 | 76.00 | 84.00 | NOTE | |
r-oldrel-macos-arm64 | 2.2.4 | 49.00 | NOTE | |||
r-oldrel-macos-x86_64 | 2.2.4 | 66.00 | NOTE | |||
r-oldrel-windows-x86_64 | 2.2.4 | 9.00 | 85.00 | 94.00 | NOTE |
Version: 2.2.4
Check: LazyData
Result: NOTE
'LazyData' is specified without a 'data' directory
Flavors: r-devel-linux-x86_64-debian-clang, r-devel-linux-x86_64-debian-gcc, r-devel-linux-x86_64-fedora-clang, r-devel-linux-x86_64-fedora-gcc, r-devel-windows-x86_64, r-patched-linux-x86_64, r-release-linux-x86_64, r-release-macos-arm64, r-release-macos-x86_64, r-release-windows-x86_64, r-oldrel-macos-arm64, r-oldrel-macos-x86_64, r-oldrel-windows-x86_64