Last updated on 2024-08-16 15:49:40 CEST.
Flavor | Version | Tinstall | Tcheck | Ttotal | Status | Flags |
---|---|---|---|---|---|---|
r-devel-linux-x86_64-debian-clang | 1.0.1 | 158.76 | 306.11 | 464.87 | NOTE | |
r-devel-linux-x86_64-debian-gcc | 1.0.1 | 104.67 | 198.77 | 303.44 | NOTE | |
r-devel-linux-x86_64-fedora-clang | 1.0.1 | 706.02 | NOTE | |||
r-devel-linux-x86_64-fedora-gcc | 1.0.1 | 708.92 | NOTE | |||
r-devel-windows-x86_64 | 1.0.1 | 143.00 | 302.00 | 445.00 | NOTE | |
r-patched-linux-x86_64 | 1.0.1 | 158.71 | 290.12 | 448.83 | NOTE | |
r-release-linux-x86_64 | 1.0.1 | 136.04 | 291.03 | 427.07 | NOTE | |
r-release-macos-arm64 | 1.0.1 | 184.00 | NOTE | |||
r-release-macos-x86_64 | 1.0.1 | 250.00 | NOTE | |||
r-release-windows-x86_64 | 1.0.1 | 145.00 | 303.00 | 448.00 | NOTE | |
r-oldrel-macos-arm64 | 1.0.1 | 200.00 | NOTE | |||
r-oldrel-macos-x86_64 | 1.0.1 | 429.00 | NOTE | |||
r-oldrel-windows-x86_64 | 1.0.1 | 191.00 | 403.00 | 594.00 | NOTE |
Version: 1.0.1
Check: package dependencies
Result: NOTE
Package suggested but not available for checking: ‘gurobi’
Flavors: r-devel-linux-x86_64-debian-clang, r-devel-linux-x86_64-debian-gcc, r-devel-linux-x86_64-fedora-clang, r-devel-linux-x86_64-fedora-gcc, r-devel-windows-x86_64, r-patched-linux-x86_64, r-release-linux-x86_64, r-release-macos-arm64, r-release-macos-x86_64, r-release-windows-x86_64, r-oldrel-macos-arm64, r-oldrel-macos-x86_64, r-oldrel-windows-x86_64
Version: 1.0.1
Check: installed package size
Result: NOTE
installed size is 7.4Mb
sub-directories of 1Mb or more:
doc 1.7Mb
extdata 4.2Mb
Flavors: r-devel-linux-x86_64-fedora-clang, r-devel-windows-x86_64, r-release-macos-arm64, r-release-macos-x86_64, r-release-windows-x86_64, r-oldrel-macos-arm64, r-oldrel-macos-x86_64, r-oldrel-windows-x86_64