Last updated on 2024-08-16 03:49:34 CEST.
Flavor | Version | Tinstall | Tcheck | Ttotal | Status | Flags |
---|---|---|---|---|---|---|
r-devel-linux-x86_64-debian-clang | 1.2.0 | 4.55 | 31.85 | 36.40 | NOTE | |
r-devel-linux-x86_64-debian-gcc | 1.2.0 | 2.86 | 23.10 | 25.96 | NOTE | |
r-devel-linux-x86_64-fedora-clang | 1.2.0 | 58.51 | NOTE | |||
r-devel-linux-x86_64-fedora-gcc | 1.2.0 | 55.07 | NOTE | |||
r-devel-windows-x86_64 | 1.2.0 | 6.00 | 50.00 | 56.00 | NOTE | |
r-patched-linux-x86_64 | 1.2.0 | 4.27 | 30.44 | 34.71 | NOTE | |
r-release-linux-x86_64 | 1.2.0 | 4.53 | 30.22 | 34.75 | NOTE | |
r-release-macos-arm64 | 1.2.0 | 20.00 | NOTE | |||
r-release-macos-x86_64 | 1.2.0 | 29.00 | NOTE | |||
r-release-windows-x86_64 | 1.2.0 | 5.00 | 51.00 | 56.00 | NOTE | |
r-oldrel-macos-arm64 | 1.2.0 | 21.00 | NOTE | |||
r-oldrel-macos-x86_64 | 1.2.0 | 28.00 | NOTE | |||
r-oldrel-windows-x86_64 | 1.2.0 | 6.00 | 54.00 | 60.00 | NOTE |
Version: 1.2.0
Check: LazyData
Result: NOTE
'LazyData' is specified without a 'data' directory
Flavors: r-devel-linux-x86_64-debian-clang, r-devel-linux-x86_64-debian-gcc, r-devel-linux-x86_64-fedora-clang, r-devel-linux-x86_64-fedora-gcc, r-devel-windows-x86_64, r-patched-linux-x86_64, r-release-linux-x86_64, r-release-macos-arm64, r-release-macos-x86_64, r-release-windows-x86_64, r-oldrel-macos-arm64, r-oldrel-macos-x86_64, r-oldrel-windows-x86_64