Last updated on 2024-08-16 15:49:40 CEST.
Flavor | Version | Tinstall | Tcheck | Ttotal | Status | Flags |
---|---|---|---|---|---|---|
r-devel-linux-x86_64-debian-clang | 0.3.2 | 60.10 | 57.25 | 117.35 | OK | |
r-devel-linux-x86_64-debian-gcc | 0.3.2 | 45.35 | 39.65 | 85.00 | OK | |
r-devel-linux-x86_64-fedora-clang | 0.3.2 | 255.16 | NOTE | |||
r-devel-linux-x86_64-fedora-gcc | 0.3.2 | 221.52 | NOTE | |||
r-devel-windows-x86_64 | 0.3.2 | 91.00 | 101.00 | 192.00 | OK | |
r-patched-linux-x86_64 | 0.3.2 | 63.49 | 53.07 | 116.56 | OK | |
r-release-linux-x86_64 | 0.3.2 | 62.23 | 53.85 | 116.08 | OK | |
r-release-macos-arm64 | 0.3.2 | 61.00 | NOTE | |||
r-release-macos-x86_64 | 0.3.2 | 94.00 | NOTE | |||
r-release-windows-x86_64 | 0.3.2 | 97.00 | 99.00 | 196.00 | OK | |
r-oldrel-macos-arm64 | 0.3.2 | 67.00 | NOTE | |||
r-oldrel-macos-x86_64 | 0.3.2 | 105.00 | NOTE | |||
r-oldrel-windows-x86_64 | 0.3.2 | 106.00 | 117.00 | 223.00 | OK |
Version: 0.3.2
Check: for GNU extensions in Makefiles
Result: NOTE
GNU make is a SystemRequirements.
Flavors: r-devel-linux-x86_64-fedora-clang, r-devel-linux-x86_64-fedora-gcc, r-release-macos-arm64, r-release-macos-x86_64, r-oldrel-macos-arm64, r-oldrel-macos-x86_64
Version: 0.3.2
Check: installed package size
Result: NOTE
installed size is 5.4Mb
sub-directories of 1Mb or more:
extdata 1.1Mb
libs 3.8Mb
Flavors: r-release-macos-arm64, r-release-macos-x86_64, r-oldrel-macos-arm64, r-oldrel-macos-x86_64