Last updated on 2024-07-12 02:51:19 CEST.
Flavor | Version | Tinstall | Tcheck | Ttotal | Status | Flags |
---|---|---|---|---|---|---|
r-devel-linux-x86_64-debian-clang | 2.9 | 5.41 | 42.50 | 47.91 | OK | |
r-devel-linux-x86_64-debian-gcc | 2.9 | 4.08 | 31.35 | 35.43 | OK | |
r-devel-linux-x86_64-fedora-clang | 2.9 | 57.60 | NOTE | |||
r-devel-linux-x86_64-fedora-gcc | 2.9 | 55.21 | OK | |||
r-devel-windows-x86_64 | 2.9 | 6.00 | 56.00 | 62.00 | NOTE | |
r-patched-linux-x86_64 | 2.9 | 5.31 | 40.39 | 45.70 | OK | |
r-release-linux-x86_64 | 2.9 | 6.47 | 39.73 | 46.20 | OK | |
r-release-macos-arm64 | 2.9 | 21.00 | NOTE | |||
r-release-macos-x86_64 | 2.9 | 31.00 | NOTE | |||
r-release-windows-x86_64 | 2.9 | 6.00 | 48.00 | 54.00 | NOTE | |
r-oldrel-macos-arm64 | 2.9 | 28.00 | NOTE | |||
r-oldrel-macos-x86_64 | 2.9 | 53.00 | NOTE | |||
r-oldrel-windows-x86_64 | 2.9 | 9.00 | 58.00 | 67.00 | NOTE |
Version: 2.9
Check: installed package size
Result: NOTE
installed size is 20.3Mb
sub-directories of 1Mb or more:
cont 20.2Mb
Flavors: r-devel-linux-x86_64-fedora-clang, r-devel-windows-x86_64, r-release-macos-arm64, r-release-macos-x86_64, r-release-windows-x86_64, r-oldrel-macos-arm64, r-oldrel-macos-x86_64, r-oldrel-windows-x86_64