Last updated on 2024-08-16 15:49:40 CEST.
Flavor | Version | Tinstall | Tcheck | Ttotal | Status | Flags |
---|---|---|---|---|---|---|
r-devel-linux-x86_64-debian-clang | 0.1-2 | 12.16 | 83.58 | 95.74 | NOTE | |
r-devel-linux-x86_64-debian-gcc | 0.1-2 | 9.11 | 56.27 | 65.38 | NOTE | |
r-devel-linux-x86_64-fedora-clang | 0.1-2 | 156.45 | NOTE | |||
r-devel-linux-x86_64-fedora-gcc | 0.1-2 | 147.44 | OK | |||
r-devel-windows-x86_64 | 0.1-2 | 15.00 | 110.00 | 125.00 | NOTE | |
r-patched-linux-x86_64 | 0.1-2 | 15.86 | 79.29 | 95.15 | OK | |
r-release-linux-x86_64 | 0.1-2 | 13.21 | 80.55 | 93.76 | OK | |
r-release-macos-arm64 | 0.1-2 | 50.00 | NOTE | |||
r-release-macos-x86_64 | 0.1-2 | 124.00 | NOTE | |||
r-release-windows-x86_64 | 0.1-2 | 15.00 | 106.00 | 121.00 | NOTE | |
r-oldrel-macos-arm64 | 0.1-2 | 54.00 | NOTE | |||
r-oldrel-macos-x86_64 | 0.1-2 | 103.00 | NOTE | |||
r-oldrel-windows-x86_64 | 0.1-2 | 18.00 | 126.00 | 144.00 | OK |
Version: 0.1-2
Check: Rd cross-references
Result: NOTE
Found the following Rd file(s) with Rd \link{} targets missing package
anchors:
dtagg.Rd: data.table
getknn.Rd: get.knnx
interpl.Rd: interp1
savgol.Rd: sgolayfilt
svm.Rd: svm
Please provide package anchors for all Rd \link{} targets not in the
package itself and the base packages.
Flavors: r-devel-linux-x86_64-debian-clang, r-devel-linux-x86_64-debian-gcc, r-devel-windows-x86_64
Version: 0.1-2
Check: installed package size
Result: NOTE
installed size is 5.0Mb
sub-directories of 1Mb or more:
data 4.2Mb
Flavors: r-devel-linux-x86_64-fedora-clang, r-devel-windows-x86_64, r-release-macos-arm64, r-release-macos-x86_64, r-release-windows-x86_64, r-oldrel-macos-arm64, r-oldrel-macos-x86_64