Last updated on 2024-08-16 15:49:40 CEST.
Flavor | Version | Tinstall | Tcheck | Ttotal | Status | Flags |
---|---|---|---|---|---|---|
r-devel-linux-x86_64-debian-clang | 0.1.8 | 8.11 | 72.77 | 80.88 | NOTE | |
r-devel-linux-x86_64-debian-gcc | 0.1.8 | 5.10 | 53.32 | 58.42 | NOTE | |
r-devel-linux-x86_64-fedora-clang | 0.1.8 | 131.45 | NOTE | |||
r-devel-linux-x86_64-fedora-gcc | 0.1.8 | 135.08 | NOTE | |||
r-devel-windows-x86_64 | 0.1.8 | 13.00 | 97.00 | 110.00 | NOTE | |
r-patched-linux-x86_64 | 0.1.8 | 8.27 | 68.92 | 77.19 | NOTE | |
r-release-linux-x86_64 | 0.1.8 | 8.56 | 69.90 | 78.46 | NOTE | |
r-release-macos-arm64 | 0.1.8 | 49.00 | NOTE | |||
r-release-macos-x86_64 | 0.1.8 | 82.00 | NOTE | |||
r-release-windows-x86_64 | 0.1.8 | 12.00 | 98.00 | 110.00 | NOTE | |
r-oldrel-macos-arm64 | 0.1.8 | 55.00 | OK | |||
r-oldrel-macos-x86_64 | 0.1.8 | 86.00 | OK | |||
r-oldrel-windows-x86_64 | 0.1.8 | 14.00 | 114.00 | 128.00 | OK |
Version: 0.1.8
Check: Rd files
Result: NOTE
checkRd: (-1) impute_down_nuts.Rd:21: Lost braces
21 | NUTS typologies, defaults to code{"geo_var".}}
| ^
checkRd: (-1) validate_data_frame.Rd:19: Lost braces
19 | NUTS typologies, defaults to code{"geo_var".}}
| ^
Flavors: r-devel-linux-x86_64-debian-clang, r-devel-linux-x86_64-debian-gcc, r-devel-linux-x86_64-fedora-clang, r-devel-linux-x86_64-fedora-gcc, r-devel-windows-x86_64, r-patched-linux-x86_64, r-release-linux-x86_64, r-release-macos-arm64, r-release-macos-x86_64, r-release-windows-x86_64
Version: 0.1.8
Check: data for non-ASCII characters
Result: NOTE
Note: found 2 marked Latin-1 strings
Note: found 50022 marked UTF-8 strings
Flavors: r-devel-linux-x86_64-fedora-clang, r-devel-linux-x86_64-fedora-gcc