Last updated on 2024-08-16 03:49:34 CEST.
Flavor | Version | Tinstall | Tcheck | Ttotal | Status | Flags |
---|---|---|---|---|---|---|
r-devel-linux-x86_64-debian-clang | 3.2.2 | 11.97 | 178.08 | 190.05 | NOTE | |
r-devel-linux-x86_64-debian-gcc | 3.2.2 | 8.51 | 127.90 | 136.41 | NOTE | |
r-devel-linux-x86_64-fedora-clang | 3.2.2 | 306.15 | NOTE | |||
r-devel-linux-x86_64-fedora-gcc | 3.2.2 | 318.18 | NOTE | |||
r-devel-windows-x86_64 | 3.2.2 | 20.00 | 244.00 | 264.00 | NOTE | |
r-patched-linux-x86_64 | 3.2.2 | 11.56 | 175.25 | 186.81 | NOTE | |
r-release-linux-x86_64 | 3.2.2 | 10.54 | 176.54 | 187.08 | NOTE | |
r-release-macos-arm64 | 3.2.2 | 91.00 | NOTE | |||
r-release-macos-x86_64 | 3.2.2 | 146.00 | NOTE | |||
r-release-windows-x86_64 | 3.2.2 | 18.00 | 360.00 | 378.00 | NOTE | |
r-oldrel-macos-arm64 | 3.2.2 | 96.00 | OK | |||
r-oldrel-macos-x86_64 | 3.2.2 | 161.00 | OK | |||
r-oldrel-windows-x86_64 | 3.2.2 | 20.00 | 290.00 | 310.00 | OK |
Version: 3.2.2
Check: Rd files
Result: NOTE
checkRd: (-1) plot.ehh.Rd:27: Lost braces
27 | \item{type}{plot type (see code{\link[graphics]{plot.default}} and \code{\link[graphics]{matplot}}).
| ^
checkRd: (-1) plot.ehhs.Rd:27: Lost braces
27 | \item{type}{plot type (see code{\link[graphics]{plot.default}}.
| ^
Flavors: r-devel-linux-x86_64-debian-clang, r-devel-linux-x86_64-debian-gcc, r-devel-linux-x86_64-fedora-clang, r-devel-linux-x86_64-fedora-gcc, r-devel-windows-x86_64, r-patched-linux-x86_64, r-release-linux-x86_64, r-release-macos-arm64, r-release-macos-x86_64, r-release-windows-x86_64
Version: 3.2.2
Check: compiled code
Result: NOTE
File ‘rehh/libs/rehh.so’:
Found non-API call to R: ‘SETLENGTH’
Compiled code should not call non-API entry points in R.
See ‘Writing portable packages’ in the ‘Writing R Extensions’ manual,
and section ‘Moving into C API compliance’ for issues with the use of
non-API entry points.
Flavors: r-devel-linux-x86_64-debian-clang, r-devel-linux-x86_64-debian-gcc, r-devel-linux-x86_64-fedora-clang, r-devel-linux-x86_64-fedora-gcc
Version: 3.2.2
Check: compiled code
Result: NOTE
File 'rehh/libs/x64/rehh.dll':
Found non-API call to R: 'SETLENGTH'
Compiled code should not call non-API entry points in R.
See 'Writing portable packages' in the 'Writing R Extensions' manual,
and section 'Moving into C API compliance' for issues with the use of
non-API entry points.
Flavor: r-devel-windows-x86_64