Last updated on 2024-06-15 15:49:15 CEST.
Flavor | Version | Tinstall | Tcheck | Ttotal | Status | Flags |
---|---|---|---|---|---|---|
r-devel-linux-x86_64-debian-clang | 0.3.8 | 8.67 | 74.17 | 82.84 | NOTE | |
r-devel-linux-x86_64-debian-gcc | 0.3.8 | 5.19 | 54.95 | 60.14 | NOTE | |
r-devel-linux-x86_64-fedora-clang | 0.3.8 | 102.79 | NOTE | |||
r-devel-linux-x86_64-fedora-gcc | 0.3.8 | 108.31 | NOTE | |||
r-devel-windows-x86_64 | 0.3.8 | 7.00 | 77.00 | 84.00 | NOTE | |
r-patched-linux-x86_64 | 0.3.8 | 9.18 | 72.26 | 81.44 | NOTE | |
r-release-linux-x86_64 | 0.3.8 | 7.53 | 70.38 | 77.91 | NOTE | |
r-release-macos-arm64 | 0.3.8 | 37.00 | NOTE | |||
r-release-macos-x86_64 | 0.3.8 | 57.00 | NOTE | |||
r-release-windows-x86_64 | 0.3.8 | 9.00 | 79.00 | 88.00 | NOTE | |
r-oldrel-macos-arm64 | 0.3.8 | 36.00 | OK | |||
r-oldrel-macos-x86_64 | 0.3.8 | 53.00 | OK | |||
r-oldrel-windows-x86_64 | 0.3.8 | 10.00 | 88.00 | 98.00 | OK |
Version: 0.3.8
Check: Rd files
Result: NOTE
checkRd: (-1) fs_search.Rd:76: Lost braces
76 | \\code{\link{fs_auth}} \code{\link{fs_browse}}
| ^
Flavors: r-devel-linux-x86_64-debian-clang, r-devel-linux-x86_64-debian-gcc, r-devel-linux-x86_64-fedora-clang, r-devel-linux-x86_64-fedora-gcc, r-devel-windows-x86_64, r-patched-linux-x86_64, r-release-linux-x86_64, r-release-macos-arm64, r-release-macos-x86_64, r-release-windows-x86_64