Last updated on 2024-07-12 02:51:20 CEST.
Flavor | Version | Tinstall | Tcheck | Ttotal | Status | Flags |
---|---|---|---|---|---|---|
r-devel-linux-x86_64-debian-clang | 1.0 | 2.86 | 23.05 | 25.91 | OK | |
r-devel-linux-x86_64-debian-gcc | 1.0 | 2.14 | 18.24 | 20.38 | OK | |
r-devel-linux-x86_64-fedora-clang | 1.0 | 34.84 | NOTE | |||
r-devel-linux-x86_64-fedora-gcc | 1.0 | 32.27 | NOTE | |||
r-devel-windows-x86_64 | 1.0 | 4.00 | 40.00 | 44.00 | OK | |
r-patched-linux-x86_64 | 1.0 | 2.32 | 22.28 | 24.60 | OK | |
r-release-linux-x86_64 | 1.0 | 2.77 | 23.06 | 25.83 | OK | |
r-release-macos-arm64 | 1.0 | 16.00 | OK | |||
r-release-macos-x86_64 | 1.0 | 23.00 | OK | |||
r-release-windows-x86_64 | 1.0 | 4.00 | 39.00 | 43.00 | OK | |
r-oldrel-macos-arm64 | 1.0 | 15.00 | OK | |||
r-oldrel-macos-x86_64 | 1.0 | 19.00 | OK | |||
r-oldrel-windows-x86_64 | 1.0 | 5.00 | 40.00 | 45.00 | OK |
Version: 1.0
Check: compiled code
Result: NOTE
File ‘robustETM/libs/robustETM.so’:
Found no calls to: ‘R_registerRoutines’, ‘R_useDynamicSymbols’
It is good practice to register native routines and to disable symbol
search.
See ‘Writing portable packages’ in the ‘Writing R Extensions’ manual.
Flavors: r-devel-linux-x86_64-fedora-clang, r-devel-linux-x86_64-fedora-gcc