Last updated on 2024-06-15 15:49:16 CEST.
Flavor | Version | Tinstall | Tcheck | Ttotal | Status | Flags |
---|---|---|---|---|---|---|
r-devel-linux-x86_64-debian-clang | 0.3.2 | 1.90 | 33.22 | 35.12 | OK | |
r-devel-linux-x86_64-debian-gcc | 0.3.2 | 2.41 | 26.05 | 28.46 | OK | |
r-devel-linux-x86_64-fedora-clang | 0.3.2 | 46.34 | NOTE | |||
r-devel-linux-x86_64-fedora-gcc | 0.3.2 | 43.92 | OK | |||
r-devel-windows-x86_64 | 0.3.2 | 3.00 | 48.00 | 51.00 | OK | |
r-patched-linux-x86_64 | 0.3.2 | 3.14 | 32.19 | 35.33 | OK | |
r-release-linux-x86_64 | 0.3.2 | 3.11 | 31.83 | 34.94 | OK | |
r-release-macos-arm64 | 0.3.2 | 25.00 | OK | |||
r-release-macos-x86_64 | 0.3.2 | 32.00 | OK | |||
r-release-windows-x86_64 | 0.3.2 | 4.00 | 50.00 | 54.00 | OK | |
r-oldrel-macos-arm64 | 0.3.2 | 22.00 | OK | |||
r-oldrel-macos-x86_64 | 0.3.2 | 34.00 | OK | |||
r-oldrel-windows-x86_64 | 0.3.2 | 4.00 | 52.00 | 56.00 | OK |
Version: 0.3.2
Check: Rd cross-references
Result: NOTE
Undeclared package ‘rsoi’ in Rd xrefs
Flavor: r-devel-linux-x86_64-fedora-clang