Last updated on 2024-06-26 15:54:56 CEST.
Flavor | Version | Tinstall | Tcheck | Ttotal | Status | Flags |
---|---|---|---|---|---|---|
r-devel-linux-x86_64-debian-clang | 0.1.6 | NOTE | ||||
r-devel-linux-x86_64-debian-gcc | 0.1.6 | 179.47 | 28.20 | 207.67 | WARN | |
r-devel-linux-x86_64-fedora-clang | 0.1.6 | 435.27 | WARN | |||
r-devel-linux-x86_64-fedora-gcc | 0.1.6 | 422.05 | WARN | |||
r-devel-windows-x86_64 | 0.1.6 | 137.00 | 84.00 | 221.00 | NOTE | |
r-patched-linux-x86_64 | 0.1.6 | 225.09 | 35.58 | 260.67 | OK | |
r-release-linux-x86_64 | 0.1.6 | 232.79 | 34.84 | 267.63 | OK | |
r-release-macos-arm64 | 0.1.6 | 76.00 | NOTE | |||
r-release-macos-x86_64 | 0.1.6 | 104.00 | NOTE | |||
r-release-windows-x86_64 | 0.1.6 | 149.00 | 84.00 | 233.00 | OK | |
r-oldrel-macos-arm64 | 0.1.6 | 92.00 | NOTE | |||
r-oldrel-macos-x86_64 | 0.1.6 | 109.00 | NOTE | |||
r-oldrel-windows-x86_64 | 0.1.6 | 169.00 | 97.00 | 266.00 | OK |
Version: 0.1.6
Check: compiled code
Result: NOTE
File ‘rsgeo/libs/rsgeo.so’:
Found non-API calls to R: ‘ENVFLAGS’, ‘FRAME’, ‘HASHTAB’, ‘PRCODE’,
‘PRENV’, ‘PRSEEN’, ‘PRVALUE’, ‘Rf_findVarInFrame3’, ‘SET_BODY’,
‘SET_CLOENV’, ‘SET_ENCLOS’, ‘SET_ENVFLAGS’, ‘SET_FORMALS’,
‘SET_PRCODE’, ‘SET_PRENV’, ‘SET_PRVALUE’, ‘STRING_PTR’, ‘SYMVALUE’,
‘VECTOR_PTR’, ‘XLENGTH_EX’
Compiled code should not call non-API entry points in R.
See ‘Writing portable packages’ in the ‘Writing R Extensions’ manual.
Flavor: r-devel-linux-x86_64-debian-clang
Version: 0.1.6
Check: compiled code
Result: WARN
File ‘rsgeo/libs/rsgeo.so’:
Found non-API calls to R: ‘ENVFLAGS’, ‘FRAME’, ‘HASHTAB’, ‘PRCODE’,
‘PRENV’, ‘PRSEEN’, ‘PRVALUE’, ‘Rf_findVarInFrame3’, ‘SET_BODY’,
‘SET_CLOENV’, ‘SET_ENCLOS’, ‘SET_ENVFLAGS’, ‘SET_FORMALS’,
‘SET_PRCODE’, ‘SET_PRENV’, ‘SET_PRVALUE’, ‘STRING_PTR’, ‘SYMVALUE’,
‘VECTOR_PTR’, ‘XLENGTH_EX’
These entry points may be removed soon:
‘PRSEEN’, ‘SYMVALUE’
Compiled code should not call non-API entry points in R.
See ‘Writing portable packages’ in the ‘Writing R Extensions’ manual.
Flavors: r-devel-linux-x86_64-debian-gcc, r-devel-linux-x86_64-fedora-clang, r-devel-linux-x86_64-fedora-gcc
Version: 0.1.6
Check: installed package size
Result: NOTE
installed size is 7.7Mb
sub-directories of 1Mb or more:
libs 6.9Mb
Flavors: r-devel-linux-x86_64-fedora-clang, r-release-macos-arm64, r-release-macos-x86_64, r-oldrel-macos-arm64, r-oldrel-macos-x86_64
Version: 0.1.6
Check: compiled code
Result: NOTE
File 'rsgeo/libs/x64/rsgeo.dll':
Found non-API calls to R: 'ENVFLAGS', 'FRAME', 'HASHTAB', 'PRCODE',
'PRENV', 'PRSEEN', 'PRVALUE', 'Rf_findVarInFrame3', 'SET_BODY',
'SET_CLOENV', 'SET_ENCLOS', 'SET_ENVFLAGS', 'SET_FORMALS',
'SET_PRCODE', 'SET_PRENV', 'SET_PRVALUE', 'STRING_PTR', 'SYMVALUE',
'VECTOR_PTR', 'XLENGTH_EX'
Compiled code should not call non-API entry points in R.
See 'Writing portable packages' in the 'Writing R Extensions' manual.
Flavor: r-devel-windows-x86_64