Last updated on 2024-05-13 03:49:46 CEST.
Flavor | Version | Tinstall | Tcheck | Ttotal | Status | Flags |
---|---|---|---|---|---|---|
r-devel-linux-x86_64-debian-clang | 0.6.7 | 26.35 | 789.44 | 815.79 | OK | |
r-devel-linux-x86_64-debian-gcc | 0.6.7 | 24.45 | 533.82 | 558.27 | OK | |
r-devel-linux-x86_64-fedora-clang | 0.6.7 | 1008.37 | NOTE | |||
r-devel-linux-x86_64-fedora-gcc | 0.6.7 | 1046.51 | OK | |||
r-devel-windows-x86_64 | 0.6.7 | 26.00 | 499.00 | 525.00 | NOTE | |
r-patched-linux-x86_64 | 0.6.7 | 37.37 | 718.08 | 755.45 | OK | |
r-release-linux-x86_64 | 0.6.7 | 28.53 | 731.83 | 760.36 | OK | |
r-release-macos-arm64 | 0.6.7 | 255.00 | NOTE | |||
r-release-macos-x86_64 | 0.6.7 | 814.00 | NOTE | |||
r-release-windows-x86_64 | 0.6.7 | 25.00 | 487.00 | 512.00 | NOTE | |
r-oldrel-macos-arm64 | 0.6.7 | 233.00 | NOTE | |||
r-oldrel-macos-x86_64 | 0.6.7 | 645.00 | NOTE | |||
r-oldrel-windows-x86_64 | 0.6.7 | 34.00 | 680.00 | 714.00 | NOTE |
Version: 0.6.7
Check: installed package size
Result: NOTE
installed size is 5.4Mb
sub-directories of 1Mb or more:
R 1.4Mb
doc 1.4Mb
help 2.4Mb
Flavors: r-devel-linux-x86_64-fedora-clang, r-devel-windows-x86_64, r-release-macos-arm64, r-release-macos-x86_64, r-release-windows-x86_64, r-oldrel-macos-arm64, r-oldrel-macos-x86_64, r-oldrel-windows-x86_64