Last updated on 2024-08-16 15:49:42 CEST.
Flavor | Version | Tinstall | Tcheck | Ttotal | Status | Flags |
---|---|---|---|---|---|---|
r-devel-linux-x86_64-debian-clang | 0.6.9 | 26.09 | 620.03 | 646.12 | OK | |
r-devel-linux-x86_64-debian-gcc | 0.6.9 | 16.92 | 381.90 | 398.82 | OK | |
r-devel-linux-x86_64-fedora-clang | 0.6.9 | 1056.14 | NOTE | |||
r-devel-linux-x86_64-fedora-gcc | 0.6.9 | 1021.29 | OK | |||
r-devel-windows-x86_64 | 0.6.9 | 25.00 | 528.00 | 553.00 | NOTE | |
r-patched-linux-x86_64 | 0.6.9 | 30.83 | 575.91 | 606.74 | OK | |
r-release-linux-x86_64 | 0.6.9 | 27.95 | 584.90 | 612.85 | OK | |
r-release-macos-arm64 | 0.6.9 | 282.00 | NOTE | |||
r-release-macos-x86_64 | 0.6.9 | 801.00 | NOTE | |||
r-release-windows-x86_64 | 0.6.9 | 28.00 | 532.00 | 560.00 | NOTE | |
r-oldrel-macos-arm64 | 0.6.9 | 363.00 | NOTE | |||
r-oldrel-macos-x86_64 | 0.6.9 | 692.00 | NOTE | |||
r-oldrel-windows-x86_64 | 0.6.9 | 35.00 | 716.00 | 751.00 | NOTE |
Version: 0.6.9
Check: installed package size
Result: NOTE
installed size is 5.6Mb
sub-directories of 1Mb or more:
R 1.5Mb
doc 1.5Mb
help 2.4Mb
Flavors: r-devel-linux-x86_64-fedora-clang, r-devel-windows-x86_64, r-release-macos-arm64, r-release-macos-x86_64, r-release-windows-x86_64, r-oldrel-macos-arm64, r-oldrel-macos-x86_64, r-oldrel-windows-x86_64