Last updated on 2024-07-12 02:51:21 CEST.
Flavor | Version | Tinstall | Tcheck | Ttotal | Status | Flags |
---|---|---|---|---|---|---|
r-devel-linux-x86_64-debian-clang | 2.0.0 | 17.67 | 138.51 | 156.18 | OK | |
r-devel-linux-x86_64-debian-gcc | 2.0.0 | 12.78 | 102.15 | 114.93 | OK | |
r-devel-linux-x86_64-fedora-clang | 2.0.0 | 206.19 | NOTE | |||
r-devel-linux-x86_64-fedora-gcc | 2.0.0 | 232.24 | OK | |||
r-devel-windows-x86_64 | 2.0.0 | 15.00 | 112.00 | 127.00 | OK | |
r-patched-linux-x86_64 | 2.0.0 | 14.43 | 133.14 | 147.57 | OK | |
r-release-linux-x86_64 | 1.0.9 | 9.99 | 129.74 | 139.73 | OK | |
r-release-macos-arm64 | 2.0.0 | 71.00 | OK | |||
r-release-macos-x86_64 | 2.0.0 | 156.00 | OK | |||
r-release-windows-x86_64 | 2.0.0 | 15.00 | 112.00 | 127.00 | OK | |
r-oldrel-macos-arm64 | 2.0.0 | 94.00 | OK | |||
r-oldrel-macos-x86_64 | 2.0.0 | 188.00 | OK | |||
r-oldrel-windows-x86_64 | 2.0.0 | 14.00 | 107.00 | 121.00 | OK |
Version: 2.0.0
Check: Rd cross-references
Result: NOTE
Undeclared package ‘RColorBrewer’ in Rd xrefs
Flavor: r-devel-linux-x86_64-fedora-clang