Last updated on 2024-08-16 15:49:42 CEST.
Flavor | Version | Tinstall | Tcheck | Ttotal | Status | Flags |
---|---|---|---|---|---|---|
r-devel-linux-x86_64-debian-clang | 1.1-14 | 35.04 | 241.04 | 276.08 | NOTE | |
r-devel-linux-x86_64-debian-gcc | 1.1-14 | 26.05 | 150.52 | 176.57 | NOTE | |
r-devel-linux-x86_64-fedora-clang | 1.1-14 | 445.00 | NOTE | |||
r-devel-linux-x86_64-fedora-gcc | 1.1-14 | 429.71 | NOTE | |||
r-devel-windows-x86_64 | 1.1-14 | 34.00 | 195.00 | 229.00 | NOTE | |
r-patched-linux-x86_64 | 1.1-14 | 34.66 | 220.89 | 255.55 | NOTE | |
r-release-linux-x86_64 | 1.1-14 | 38.72 | 224.35 | 263.07 | NOTE | |
r-release-macos-arm64 | 1.1-14 | 99.00 | NOTE | |||
r-release-macos-x86_64 | 1.1-14 | 159.00 | NOTE | |||
r-release-windows-x86_64 | 1.1-14 | 34.00 | 193.00 | 227.00 | NOTE | |
r-oldrel-macos-arm64 | 1.1-14 | 106.00 | OK | |||
r-oldrel-macos-x86_64 | 1.1-14 | 306.00 | OK | |||
r-oldrel-windows-x86_64 | 1.1-14 | 44.00 | 255.00 | 299.00 | OK |
Version: 1.1-14
Check: Rd files
Result: NOTE
checkRd: (-1) rts.Rd:32: Lost braces
32 | If a name of a raster time series file is provided for the \code{x} argument, it acts the same as code{\link[rts]{read.rts}}.
| ^
Flavors: r-devel-linux-x86_64-debian-clang, r-devel-linux-x86_64-debian-gcc, r-devel-linux-x86_64-fedora-clang, r-devel-linux-x86_64-fedora-gcc, r-devel-windows-x86_64, r-patched-linux-x86_64, r-release-linux-x86_64, r-release-macos-arm64, r-release-macos-x86_64, r-release-windows-x86_64
Version: 1.1-14
Check: Rd cross-references
Result: NOTE
Undeclared package ‘sp’ in Rd xrefs
Flavor: r-devel-linux-x86_64-fedora-clang